{"id":22580,"date":"2025-04-16T07:27:56","date_gmt":"2025-04-16T07:27:56","guid":{"rendered":"https:\/\/www.focus.cat\/ex\/un-matrimoni-de-boston-2\/"},"modified":"2025-04-16T07:27:56","modified_gmt":"2025-04-16T07:27:56","slug":"un-matrimoni-de-boston-2","status":"publish","type":"ex","link":"https:\/\/www.focus.cat\/en\/ex\/un-matrimoni-de-boston-2\/","title":{"rendered":"Un matrimoni de Boston"},"content":{"rendered":"","protected":false},"excerpt":{"rendered":"","protected":false},"author":5,"featured_media":0,"comment_status":"open","ping_status":"closed","template":"","location":[],"class_list":["post-22580","ex","type-ex","status-publish","hentry"],"acf":{"txt_synopsis":"<p><strong>Mestres, Vilarasau i Marco reprenen aquest text de Mamet 19 anys despr\u00e9s de la seva estrena<\/strong><\/p>\r\n<p>A <em>Un matrimoni de Boston<\/em>, Mamet explora les normes socials a trav\u00e9s d'una parella gens convencional. I ho fa com si fos un Oscar Wilde dels nostres dies, amb intel\u00b7lig\u00e8ncia i humor morda\u00e7. Una com\u00e8dia \"victoriana\" d\u2019amor i poder rabiosament contempor\u00e0nia <\/p>","main_buy_link":"","main_buy_links":"","show_language":"Espectacle en catal\u00e0  ","show_duration":"100","txt_genre":"TEATRE","show_start_date":"20241012000000","show_end_date":"20241215000000","show_sort_date":"20241012000000","txt_custom_show_dates":"del 12 de octubre al 15 de diciembre de 2024 ","txt_additional_info":"<ul>\r\n<li>Recomanat a partir de 14 anys \r\n<\/li><li>Funci\u00f3 accessible: 2 de novembre a les 20:00h. La funci\u00f3 comptar\u00e0 amb:<br \/>\u00b7 Audiodescripci\u00f3<br \/>\u00b7 Subtitulat<br \/>\u00b7 So amplificat <\/li><\/ul>\r\n<p><i class=\"fa fa-info fa-2x fa-fw\"><\/i>*Visi\u00f3 \u00f2ptima del subtitulat, a partir de la 6 fila de platea cap enrere, zona central i dreta.<\/p>","txt_present":"","txt_season":"[\"2024\/25\"]","txt_cycle":"","txt_claim":"","txt_cast_excerpt":"","txt_cast":"<p>Autor\u00eda: <strong>David Mamet <br \/><\/strong>Translation: <strong>Joan Sellent <br \/><\/strong>Direction: <strong>Josep Maria Mestres<\/strong> <\/p>\r\n<p>Cast: <strong>Emma Vilarasau, Marta Marco and Emma Arquillu\u00e9 <\/strong><\/p>\r\n<p>Scenography: <strong>Paco Azor\u00edn <br \/><\/strong>Vestuary: <strong>N\u00eddia Tusal <br \/><\/strong>Illumination: <strong>Ignasi Camprodon&nbsp; <br \/><\/strong>Sound space: <strong>Jordi Bonet <br \/><\/strong>Caracterization: <strong>Noelia L\u00f3pez <\/strong><\/p>\r\n<p>Production direction: <strong>Maite Pijuan&nbsp; <br \/><\/strong>Executive production: <strong>Raquel Do\u00f1oro <br \/><\/strong>Technical direction: <strong>Moi Cuenca&nbsp; <br \/><\/strong>Technical office: <strong>Jordi Farr\u00e0s <\/strong><\/p>\r\n<p>Assistant director: <strong>Carol Ibarz <br \/><\/strong>Hair and makeup: <strong>Noelia L\u00f3pez&nbsp;&nbsp; <br \/><\/strong>Scenography assistant: <strong>Francesc Colomina <br \/><\/strong>Tour leader and machinist: <strong>Jordi Larrea&nbsp; <br \/><\/strong>Lighting technician: <strong>Jord\u00e0 Porcel&nbsp; <br \/><\/strong>Sound technician:&nbsp; <strong>Marc Bas <\/strong><\/p>\r\n<p>Construction of the scenography: <strong>Jorba-Mir\u00f3 Estudi-Taller d\u2019escenografia <br \/><\/strong>Costume design: <strong>Goretti, Consol D\u00edaz and N\u00eddia Tusal <\/strong><\/p>\r\n<p>Marketing and communication: <strong>La Villarroel<\/strong>&nbsp; <br \/>Photo report: <strong>David Ruano&nbsp; <\/strong><\/p>\r\n<p>Collaborators: <strong>Jorge de La Garza and Montibello<\/strong> <\/p>\r\n<p>Thanks: <strong>Teatre Lliure <\/strong><\/p>\r\n<p>With the support of: <strong>Generalitat de Catalunya - ICEC Institut Catal\u00e0 de les Empreses Culturals and Uni\u00f3 Europea (Fons Europeu Next Generation; Plan de Recuperaci\u00f3n, Transformaci\u00f3n y Resiliencia), Next Generation Catalunya <\/strong><\/p>\r\n<p>Distribution: <strong>Carme Tierz (<\/strong><a href=\"mailto:carmetierz@focus.cat\"><strong>carmetierz@focus.cat<\/strong><\/a><strong>) <\/strong><\/p>\r\n<p>It is a production of <strong>La Villarroel, Un 9 Teatre a l\u2019Est and Bit\u00f2<\/strong> <\/p>","txt_reviews":"Mag\u00ed Camps|La Vanguardia| \u201cEl text magn\u00edfic de Mamet, amb la traducci\u00f3 plena de matisos de Joan Sellent, dit per tres actrius maj\u00fascules, sota la direcci\u00f3 vibrant de Josep Maria Mestres\u201d\r\nAndreu Sotorra|Recomana| \u201cUna festa teatral antol\u00f2gica\u201d\r\nJaume For\u00e9s Juliana|N\u00favol|\u201cEl millor que podem fer \u00e9s gaudir i deixar-nos endur per una obra que dibuixa un somriure perenne a la cara dels espectadors\u201d","hashtag":"UnMatrimonideBoston","have_promo":"","slogan":"","id_exhibicio":2173,"id_versio":1715,"id_local":4,"txt_seo_desc":"Un Matrimoni de Boston a La Villarroel de Barcelona","data_images":"[{\"localizer\":\"V4CARTELL\",\"url\":\"media\/ver\/cartell\/v4\/316AA\/01_089_00058421\/Cartell-web-un-matrimoni-de-boston-villarroel.jpg\",\"thumb_url\":\"\",\"title\":\"Un matrimoni de Boston - La Villarroel\",\"description\":\"un matrimoni de boston a la vilarrooel\",\"copyright\":\"\",\"order\":13},{\"localizer\":\"V3CARTELL\",\"url\":\"media\/ver\/cartell\/v3\/316AA\/01_085_00058422\/04bis_Cartell_Web_Focus_722x1030.jpg\",\"thumb_url\":\"media\/ver\/cartell\/v3\/316AA\/01_085_00058422\/04bis_Cartell_Web_Focus_722x1030_thumb.jpg\",\"title\":\"Un matrimoni de Boston - La Villarroel\",\"description\":\"un matrimoni de boston a la villarroel\",\"copyright\":\"\",\"order\":14},{\"localizer\":\"V3SLIDE\",\"url\":\"media\/ftgalslide\/v3\/316AA\/01_086_00058423\/T24_MdeB_002.jpg\",\"thumb_url\":\"media\/ftgalslide\/v3\/316AA\/01_086_00058423\/T24_MdeB_002_thumb.jpg\",\"title\":\"Un matrimoni de Boston - La Villarroel\",\"description\":\"un matrimoni de boston a la villarroel\",\"copyright\":\"https:\/\/www.youtube.com\/watch?v=VYndAMESSQI\",\"order\":15},{\"localizer\":\"V3SLIDE\",\"url\":\"media\/ftgalslide\/v3\/316AA\/01_086_00058424\/T24_MdeB_022.jpg\",\"thumb_url\":\"media\/ftgalslide\/v3\/316AA\/01_086_00058424\/T24_MdeB_022_thumb.jpg\",\"title\":\"Un matrimoni de Boston - La Villarroel\",\"description\":\"un matrimoni de boston a la villarroel\",\"copyright\":\"\",\"order\":16},{\"localizer\":\"V4PORTADA\",\"url\":\"media\/ver\/port\/v4\/316AB\/01_090_00058590\/03_Portada_1_760x760.jpg\",\"thumb_url\":\"\",\"title\":\"Un Matrimoni de Boston - La Villarroel\",\"description\":\"un matrimoni de bostos en la villarroel\",\"copyright\":\"\",\"order\":17},{\"localizer\":\"V4PORTADAWIDE\",\"url\":\"media\/ver\/port\/wide\/v4\/316AB\/01_091_00058591\/01_Portada_0_2880x1260.jpg\",\"thumb_url\":\"\",\"title\":\"Un Matrimoni de Boston - La Villarroel\",\"description\":\"un matrimoni de bostos en la villarroel\",\"copyright\":\"\",\"order\":18},{\"localizer\":\"V4PORTADAWIDEMOBILE\",\"url\":\"media\/ver\/port\/wide\/mobile\/v4\/316AB\/01_092_00058592\/02_Portada_0_Mobile_828x1800.jpg\",\"thumb_url\":\"\",\"title\":\"Un Matrimoni de Boston - La Villarroel\",\"description\":\"un matrimoni de bostos en la villarroel\",\"copyright\":\"\",\"order\":19}]","material__texto_intro":"","data_material":null,"data_gallery":"","data_discounts":"[]","contract_is_open":false,"in_tour":false,"foreign_production":false,"tour_end_date":"00010101000000"},"yoast_head":"<!-- This site is optimized with the Yoast SEO plugin v27.5 - https:\/\/yoast.com\/product\/yoast-seo-wordpress\/ -->\n<title>Un matrimoni de Boston - Focus<\/title>\n<meta name=\"robots\" content=\"index, follow, max-snippet:-1, max-image-preview:large, max-video-preview:-1\" \/>\n<link rel=\"canonical\" href=\"https:\/\/www.focus.cat\/ex\/un-matrimoni-de-boston-2\/\" \/>\n<meta property=\"og:locale\" content=\"ca_ES\" \/>\n<meta property=\"og:type\" content=\"article\" \/>\n<meta property=\"og:title\" content=\"Un matrimoni de Boston - Focus\" \/>\n<meta property=\"og:url\" content=\"https:\/\/www.focus.cat\/en\/ex\/un-matrimoni-de-boston-2\/\" \/>\n<meta property=\"og:site_name\" content=\"Focus\" \/>\n<meta name=\"twitter:card\" content=\"summary_large_image\" \/>\n<script type=\"application\/ld+json\" class=\"yoast-schema-graph\">{\"@context\":\"https:\\\/\\\/schema.org\",\"@graph\":[{\"@type\":\"WebPage\",\"@id\":\"https:\\\/\\\/www.focus.cat\\\/en\\\/ex\\\/un-matrimoni-de-boston-2\\\/\",\"url\":\"https:\\\/\\\/www.focus.cat\\\/en\\\/ex\\\/un-matrimoni-de-boston-2\\\/\",\"name\":\"Un matrimoni de Boston - Focus\",\"isPartOf\":{\"@id\":\"https:\\\/\\\/www.focus.cat\\\/#website\"},\"datePublished\":\"2025-04-16T07:27:56+00:00\",\"breadcrumb\":{\"@id\":\"https:\\\/\\\/www.focus.cat\\\/en\\\/ex\\\/un-matrimoni-de-boston-2\\\/#breadcrumb\"},\"inLanguage\":\"ca\",\"potentialAction\":[{\"@type\":\"ReadAction\",\"target\":[\"https:\\\/\\\/www.focus.cat\\\/en\\\/ex\\\/un-matrimoni-de-boston-2\\\/\"]}]},{\"@type\":\"BreadcrumbList\",\"@id\":\"https:\\\/\\\/www.focus.cat\\\/en\\\/ex\\\/un-matrimoni-de-boston-2\\\/#breadcrumb\",\"itemListElement\":[{\"@type\":\"ListItem\",\"position\":1,\"name\":\"Espectacles\",\"item\":\"https:\\\/\\\/www.focus.cat\\\/ex\\\/\"},{\"@type\":\"ListItem\",\"position\":2,\"name\":\"Un matrimoni de Boston\"}]},{\"@type\":\"WebSite\",\"@id\":\"https:\\\/\\\/www.focus.cat\\\/#website\",\"url\":\"https:\\\/\\\/www.focus.cat\\\/\",\"name\":\"Focus\",\"description\":\"\",\"publisher\":{\"@id\":\"https:\\\/\\\/www.focus.cat\\\/#organization\"},\"potentialAction\":[{\"@type\":\"SearchAction\",\"target\":{\"@type\":\"EntryPoint\",\"urlTemplate\":\"https:\\\/\\\/www.focus.cat\\\/?s={search_term_string}\"},\"query-input\":{\"@type\":\"PropertyValueSpecification\",\"valueRequired\":true,\"valueName\":\"search_term_string\"}}],\"inLanguage\":\"ca\"},{\"@type\":\"Organization\",\"@id\":\"https:\\\/\\\/www.focus.cat\\\/#organization\",\"name\":\"Focus\",\"url\":\"https:\\\/\\\/www.focus.cat\\\/\",\"logo\":{\"@type\":\"ImageObject\",\"inLanguage\":\"ca\",\"@id\":\"https:\\\/\\\/www.focus.cat\\\/#\\\/schema\\\/logo\\\/image\\\/\",\"url\":\"https:\\\/\\\/www.focus.cat\\\/wp-content\\\/uploads\\\/2022\\\/01\\\/logo-focus-any-35.svg\",\"contentUrl\":\"https:\\\/\\\/www.focus.cat\\\/wp-content\\\/uploads\\\/2022\\\/01\\\/logo-focus-any-35.svg\",\"width\":1,\"height\":1,\"caption\":\"Focus\"},\"image\":{\"@id\":\"https:\\\/\\\/www.focus.cat\\\/#\\\/schema\\\/logo\\\/image\\\/\"}}]}<\/script>\n<!-- \/ Yoast SEO plugin. -->","yoast_head_json":{"title":"Un matrimoni de Boston - Focus","robots":{"index":"index","follow":"follow","max-snippet":"max-snippet:-1","max-image-preview":"max-image-preview:large","max-video-preview":"max-video-preview:-1"},"canonical":"https:\/\/www.focus.cat\/ex\/un-matrimoni-de-boston-2\/","og_locale":"ca_ES","og_type":"article","og_title":"Un matrimoni de Boston - Focus","og_url":"https:\/\/www.focus.cat\/en\/ex\/un-matrimoni-de-boston-2\/","og_site_name":"Focus","twitter_card":"summary_large_image","schema":{"@context":"https:\/\/schema.org","@graph":[{"@type":"WebPage","@id":"https:\/\/www.focus.cat\/en\/ex\/un-matrimoni-de-boston-2\/","url":"https:\/\/www.focus.cat\/en\/ex\/un-matrimoni-de-boston-2\/","name":"Un matrimoni de Boston - Focus","isPartOf":{"@id":"https:\/\/www.focus.cat\/#website"},"datePublished":"2025-04-16T07:27:56+00:00","breadcrumb":{"@id":"https:\/\/www.focus.cat\/en\/ex\/un-matrimoni-de-boston-2\/#breadcrumb"},"inLanguage":"ca","potentialAction":[{"@type":"ReadAction","target":["https:\/\/www.focus.cat\/en\/ex\/un-matrimoni-de-boston-2\/"]}]},{"@type":"BreadcrumbList","@id":"https:\/\/www.focus.cat\/en\/ex\/un-matrimoni-de-boston-2\/#breadcrumb","itemListElement":[{"@type":"ListItem","position":1,"name":"Espectacles","item":"https:\/\/www.focus.cat\/ex\/"},{"@type":"ListItem","position":2,"name":"Un matrimoni de Boston"}]},{"@type":"WebSite","@id":"https:\/\/www.focus.cat\/#website","url":"https:\/\/www.focus.cat\/","name":"Focus","description":"","publisher":{"@id":"https:\/\/www.focus.cat\/#organization"},"potentialAction":[{"@type":"SearchAction","target":{"@type":"EntryPoint","urlTemplate":"https:\/\/www.focus.cat\/?s={search_term_string}"},"query-input":{"@type":"PropertyValueSpecification","valueRequired":true,"valueName":"search_term_string"}}],"inLanguage":"ca"},{"@type":"Organization","@id":"https:\/\/www.focus.cat\/#organization","name":"Focus","url":"https:\/\/www.focus.cat\/","logo":{"@type":"ImageObject","inLanguage":"ca","@id":"https:\/\/www.focus.cat\/#\/schema\/logo\/image\/","url":"https:\/\/www.focus.cat\/wp-content\/uploads\/2022\/01\/logo-focus-any-35.svg","contentUrl":"https:\/\/www.focus.cat\/wp-content\/uploads\/2022\/01\/logo-focus-any-35.svg","width":1,"height":1,"caption":"Focus"},"image":{"@id":"https:\/\/www.focus.cat\/#\/schema\/logo\/image\/"}}]}},"translations":[{"id":22578,"locale":"ca"},{"id":22579,"locale":"es"},{"id":22580,"locale":"en"}],"_links":{"self":[{"href":"https:\/\/www.focus.cat\/wp-json\/wp\/v2\/ex\/22580","targetHints":{"allow":["GET"]}}],"collection":[{"href":"https:\/\/www.focus.cat\/wp-json\/wp\/v2\/ex"}],"about":[{"href":"https:\/\/www.focus.cat\/wp-json\/wp\/v2\/types\/ex"}],"author":[{"embeddable":true,"href":"https:\/\/www.focus.cat\/wp-json\/wp\/v2\/users\/5"}],"replies":[{"embeddable":true,"href":"https:\/\/www.focus.cat\/wp-json\/wp\/v2\/comments?post=22580"}],"wp:attachment":[{"href":"https:\/\/www.focus.cat\/wp-json\/wp\/v2\/media?parent=22580"}],"wp:term":[{"taxonomy":"location","embeddable":true,"href":"https:\/\/www.focus.cat\/wp-json\/wp\/v2\/location?post=22580"}],"curies":[{"name":"wp","href":"https:\/\/api.w.org\/{rel}","templated":true}]}}

<p><strong>Mestres, Vilarasau i Marco reprenen aquest text de Mamet 19 anys després de la seva estrena</strong></p>
<p>A <em>Un matrimoni de Boston</em>, Mamet explora les normes socials a través d'una parella gens convencional. I ho fa com si fos un Oscar Wilde dels nostres dies, amb intel·ligència i humor mordaç. Una comèdia "victoriana" d’amor i poder rabiosament contemporània </p>

Espectacle en català

<ul>
<li>Recomanat a partir de 14 anys 
</li><li>Funció accessible: 2 de novembre a les 20:00h. La funció comptarà amb:<br />· Audiodescripció<br />· Subtitulat<br />· So amplificat </li></ul>
<p><i class="fa fa-info fa-2x fa-fw"></i>*Visió òptima del subtitulat, a partir de la 6 fila de platea cap enrere, zona central i dreta.</p>

<p>Autoría: <strong>David Mamet <br /></strong>Translation: <strong>Joan Sellent <br /></strong>Direction: <strong>Josep Maria Mestres</strong> </p>
<p>Cast: <strong>Emma Vilarasau, Marta Marco and Emma Arquillué </strong></p>
<p>Scenography: <strong>Paco Azorín <br /></strong>Vestuary: <strong>Nídia Tusal <br /></strong>Illumination: <strong>Ignasi Camprodon&nbsp; <br /></strong>Sound space: <strong>Jordi Bonet <br /></strong>Caracterization: <strong>Noelia López </strong></p>
<p>Production direction: <strong>Maite Pijuan&nbsp; <br /></strong>Executive production: <strong>Raquel Doñoro <br /></strong>Technical direction: <strong>Moi Cuenca&nbsp; <br /></strong>Technical office: <strong>Jordi Farràs </strong></p>
<p>Assistant director: <strong>Carol Ibarz <br /></strong>Hair and makeup: <strong>Noelia López&nbsp;&nbsp; <br /></strong>Scenography assistant: <strong>Francesc Colomina <br /></strong>Tour leader and machinist: <strong>Jordi Larrea&nbsp; <br /></strong>Lighting technician: <strong>Jordà Porcel&nbsp; <br /></strong>Sound technician:&nbsp; <strong>Marc Bas </strong></p>
<p>Construction of the scenography: <strong>Jorba-Miró Estudi-Taller d’escenografia <br /></strong>Costume design: <strong>Goretti, Consol Díaz and Nídia Tusal </strong></p>
<p>Marketing and communication: <strong>La Villarroel</strong>&nbsp; <br />Photo report: <strong>David Ruano&nbsp; </strong></p>
<p>Collaborators: <strong>Jorge de La Garza and Montibello</strong> </p>
<p>Thanks: <strong>Teatre Lliure </strong></p>
<p>With the support of: <strong>Generalitat de Catalunya - ICEC Institut Català de les Empreses Culturals and Unió Europea (Fons Europeu Next Generation; Plan de Recuperación, Transformación y Resiliencia), Next Generation Catalunya </strong></p>
<p>Distribution: <strong>Carme Tierz (</strong><a href="mailto:carmetierz@focus.cat"><strong>carmetierz@focus.cat</strong></a><strong>) </strong></p>
<p>It is a production of <strong>La Villarroel, Un 9 Teatre a l’Est and Bitò</strong> </p>

Magí Camps|La Vanguardia| “El text magnífic de Mamet, amb la traducció plena de matisos de Joan Sellent, dit per tres actrius majúscules, sota la direcció vibrant de Josep Maria Mestres”
Andreu Sotorra|Recomana| “Una festa teatral antològica”
Jaume Forés Juliana|Núvol|“El millor que podem fer és gaudir i deixar-nos endur per una obra que dibuixa un somriure perenne a la cara dels espectadors”
