{"id":22797,"date":"2025-05-12T08:56:39","date_gmt":"2025-05-12T08:56:39","guid":{"rendered":"https:\/\/www.focus.cat\/ex\/clavells\/"},"modified":"2025-11-05T15:05:59","modified_gmt":"2025-11-05T15:05:59","slug":"clavells","status":"publish","type":"ex","link":"https:\/\/www.focus.cat\/en\/ex\/clavells\/","title":{"rendered":"Clavells"},"content":{"rendered":"","protected":false},"excerpt":{"rendered":"","protected":false},"author":5,"featured_media":0,"comment_status":"closed","ping_status":"closed","template":"","location":[],"class_list":["post-22797","ex","type-ex","status-publish","hentry"],"acf":{"txt_synopsis":"<p><strong>Una commovedora hist\u00f2ria d'amor, tra\u00efci\u00f3 i esperan\u00e7a<br \/><\/strong><strong><br \/><\/strong>Despr\u00e9s de d\u00e8cades sense veure's, un home i una dona es retroben.<strong> Comparteixen un passat de comprom\u00eds pol\u00edtic i amistat profunda<\/strong> que es va veure truncat per la tra\u00efci\u00f3. Des de llavors, sumen silencis, mentides, rancors i el record d'un moment d'esperan\u00e7a immaculada: la Revoluci\u00f3 dels Clavells.<\/p>","main_buy_link":"","main_buy_links":"","show_language":"Espectacle en catal\u00e0.","show_duration":"80","txt_genre":"DRAM\u00c0TIC","show_start_date":"20250625000000","show_end_date":"20250706000000","show_sort_date":"20250625000000","txt_custom_show_dates":"del 25 de junio al 6 de julio de 2025 ","txt_additional_info":"<p>Recomanat a partir <strong>14 anys<\/strong><\/p>","txt_present":"","txt_season":"[\"2024\/25\"]","txt_cycle":"","txt_claim":"<strong>CLAVELLS proposa un viatge d'anada i tornada al lloc on va ser il\u00b7luminada l'esperan\u00e7a.<br \/><\/strong>","txt_cast_excerpt":"","txt_cast":"Autora:<strong> Emma Riverola<\/strong><br \/>Direcci\u00f3: <strong>Abel Folk<br \/><\/strong>Int\u00e8rprets: <strong>Abel Folk i S\u00edlvia Mars\u00f3<br \/><\/strong>Escenografia: <strong>Paco Azor\u00edn<br \/><\/strong>Fotos: <strong>Geraldine Leloutre<\/strong>","txt_reviews":"Antonio Ill\u00e1n|ABC|\u201cUn mosaic de records, de veritats que s'han ocultat, d'emocions, actituds vitals, valors i contravalors\u201d\r\nAngelica Francesca Rimini|El Cultural|\u201cEl p\u00fablic aplaudeix, riu, plora i canta amb ells. Els personatges treuen tot tipus d'emocions i aconsegueixen penetrar en l'\u00e0nima de l'espectador.\u201d\r\nMarc Libiano|Diari de Tarragona|\u201cUn di\u00e0leg cara a cara, en una baralla carnal, viva, amb di\u00e0legs d'una gran brillantor\u201d","hashtag":"Clavells","have_promo":"","slogan":"","id_exhibicio":2242,"id_versio":1762,"id_local":35,"txt_seo_desc":"L'obra Clavells en el Teatre Goya","data_images":"[{\"localizer\":\"V4PORTADA\",\"url\":\"media\/ver\/port\/v4\/31708\/01_090_00058874\/clavells_cat_Portada_1_760x760.jpg\",\"thumb_url\":\"\",\"title\":\"Clavells - Teatre Goya\",\"description\":\"clavells al teatre goya\",\"copyright\":\"\",\"order\":5},{\"localizer\":\"V4PORTADAWIDEMOBILE\",\"url\":\"media\/ver\/port\/wide\/mobile\/v4\/31708\/01_092_00058875\/clavells_cat_Portada_0_mobile_828x1800.jpg\",\"thumb_url\":\"\",\"title\":\"Clavells - Teatre Goya\",\"description\":\"clavells al teatre goya\",\"copyright\":\"\",\"order\":6},{\"localizer\":\"V4CARTELL\",\"url\":\"media\/ver\/cartell\/v4\/31708\/01_089_00058876\/clavells_cat_Cartell_web_720x1100.jpg\",\"thumb_url\":\"\",\"title\":\"Clavells - Teatre Goya\",\"description\":\"clavells al teatre goya\",\"copyright\":\"\",\"order\":7},{\"localizer\":\"V4PORTADAWIDE\",\"url\":\"media\/ver\/port\/wide\/v4\/31708\/01_091_00058877\/clavells_cat_Portada_0_2880x1260.jpg\",\"thumb_url\":\"\",\"title\":\"Clavells - Teatre Goya\",\"description\":\"clavells al teatre goya\",\"copyright\":\"\",\"order\":8},{\"localizer\":\"V3SLIDE\",\"url\":\"media\/ftgalslide\/v3\/31709\/01_086_00058893\/Claveles_004.jpg\",\"thumb_url\":\"media\/ftgalslide\/v3\/31709\/01_086_00058893\/Claveles_004_thumb.jpg\",\"title\":\"Clavells - Teatre Goya\",\"description\":\"clavells al teatre goya\",\"copyright\":\"https:\/\/youtu.be\/XvkeurNTbx4\",\"order\":9},{\"localizer\":\"V3SLIDE\",\"url\":\"media\/ftgalslide\/v3\/31709\/01_086_00058894\/Claveles_016.jpg\",\"thumb_url\":\"media\/ftgalslide\/v3\/31709\/01_086_00058894\/Claveles_016_thumb.jpg\",\"title\":\"Clavells - Teatre Goya\",\"description\":\"clavells al teatre goya\",\"copyright\":\"\",\"order\":10},{\"localizer\":\"V3SLIDE\",\"url\":\"media\/ftgalslide\/v3\/31709\/01_086_00058895\/Claveles_010.jpg\",\"thumb_url\":\"media\/ftgalslide\/v3\/31709\/01_086_00058895\/Claveles_010_thumb.jpg\",\"title\":\"Clavells - Teatre Goya\",\"description\":\"clavells al teatre goya\",\"copyright\":\"\",\"order\":11},{\"localizer\":\"V3SLIDE\",\"url\":\"media\/ftgalslide\/v3\/31709\/01_086_00058896\/Claveles_047.jpg\",\"thumb_url\":\"media\/ftgalslide\/v3\/31709\/01_086_00058896\/Claveles_047_thumb.jpg\",\"title\":\"Clavells - Teatre Goya\",\"description\":\"clavells al teatre goya\",\"copyright\":\"\",\"order\":12},{\"localizer\":\"V3CARTELL\",\"url\":\"media\/ver\/cartell\/v3\/31709\/01_085_00058901\/clavells_cat_Cartell_web_focus_722x1030.jpg\",\"thumb_url\":\"media\/ver\/cartell\/v3\/31709\/01_085_00058901\/clavells_cat_Cartell_web_focus_722x1030_thumb.jpg\",\"title\":\"Clavells al teatre goya de barcelona\",\"description\":\"Clavells al teatre goya de barcelona\",\"copyright\":\"\",\"order\":13}]","material__texto_intro":"","data_material":null,"data_gallery":"","data_discounts":"[]","contract_is_open":false,"in_tour":false,"foreign_production":false,"tour_end_date":"00010101000000"},"yoast_head":"<!-- This site is optimized with the Yoast SEO plugin v27.5 - https:\/\/yoast.com\/product\/yoast-seo-wordpress\/ -->\n<title>Clavells - Focus<\/title>\n<meta name=\"robots\" content=\"index, follow, max-snippet:-1, max-image-preview:large, max-video-preview:-1\" \/>\n<link rel=\"canonical\" href=\"https:\/\/www.focus.cat\/ex\/clavells\/\" \/>\n<meta property=\"og:locale\" content=\"ca_ES\" \/>\n<meta property=\"og:type\" content=\"article\" \/>\n<meta property=\"og:title\" content=\"Clavells - Focus\" \/>\n<meta property=\"og:url\" content=\"https:\/\/www.focus.cat\/en\/ex\/clavells\/\" \/>\n<meta property=\"og:site_name\" content=\"Focus\" \/>\n<meta property=\"article:modified_time\" content=\"2025-11-05T15:05:59+00:00\" \/>\n<meta name=\"twitter:card\" content=\"summary_large_image\" \/>\n<script type=\"application\/ld+json\" class=\"yoast-schema-graph\">{\"@context\":\"https:\\\/\\\/schema.org\",\"@graph\":[{\"@type\":\"WebPage\",\"@id\":\"https:\\\/\\\/www.focus.cat\\\/en\\\/ex\\\/clavells\\\/\",\"url\":\"https:\\\/\\\/www.focus.cat\\\/en\\\/ex\\\/clavells\\\/\",\"name\":\"Clavells - Focus\",\"isPartOf\":{\"@id\":\"https:\\\/\\\/www.focus.cat\\\/#website\"},\"datePublished\":\"2025-05-12T08:56:39+00:00\",\"dateModified\":\"2025-11-05T15:05:59+00:00\",\"breadcrumb\":{\"@id\":\"https:\\\/\\\/www.focus.cat\\\/en\\\/ex\\\/clavells\\\/#breadcrumb\"},\"inLanguage\":\"ca\",\"potentialAction\":[{\"@type\":\"ReadAction\",\"target\":[\"https:\\\/\\\/www.focus.cat\\\/en\\\/ex\\\/clavells\\\/\"]}]},{\"@type\":\"BreadcrumbList\",\"@id\":\"https:\\\/\\\/www.focus.cat\\\/en\\\/ex\\\/clavells\\\/#breadcrumb\",\"itemListElement\":[{\"@type\":\"ListItem\",\"position\":1,\"name\":\"Espectacles\",\"item\":\"https:\\\/\\\/www.focus.cat\\\/ex\\\/\"},{\"@type\":\"ListItem\",\"position\":2,\"name\":\"Clavells\"}]},{\"@type\":\"WebSite\",\"@id\":\"https:\\\/\\\/www.focus.cat\\\/#website\",\"url\":\"https:\\\/\\\/www.focus.cat\\\/\",\"name\":\"Focus\",\"description\":\"\",\"publisher\":{\"@id\":\"https:\\\/\\\/www.focus.cat\\\/#organization\"},\"potentialAction\":[{\"@type\":\"SearchAction\",\"target\":{\"@type\":\"EntryPoint\",\"urlTemplate\":\"https:\\\/\\\/www.focus.cat\\\/?s={search_term_string}\"},\"query-input\":{\"@type\":\"PropertyValueSpecification\",\"valueRequired\":true,\"valueName\":\"search_term_string\"}}],\"inLanguage\":\"ca\"},{\"@type\":\"Organization\",\"@id\":\"https:\\\/\\\/www.focus.cat\\\/#organization\",\"name\":\"Focus\",\"url\":\"https:\\\/\\\/www.focus.cat\\\/\",\"logo\":{\"@type\":\"ImageObject\",\"inLanguage\":\"ca\",\"@id\":\"https:\\\/\\\/www.focus.cat\\\/#\\\/schema\\\/logo\\\/image\\\/\",\"url\":\"https:\\\/\\\/www.focus.cat\\\/wp-content\\\/uploads\\\/2022\\\/01\\\/logo-focus-any-35.svg\",\"contentUrl\":\"https:\\\/\\\/www.focus.cat\\\/wp-content\\\/uploads\\\/2022\\\/01\\\/logo-focus-any-35.svg\",\"width\":1,\"height\":1,\"caption\":\"Focus\"},\"image\":{\"@id\":\"https:\\\/\\\/www.focus.cat\\\/#\\\/schema\\\/logo\\\/image\\\/\"}}]}<\/script>\n<!-- \/ Yoast SEO plugin. -->","yoast_head_json":{"title":"Clavells - Focus","robots":{"index":"index","follow":"follow","max-snippet":"max-snippet:-1","max-image-preview":"max-image-preview:large","max-video-preview":"max-video-preview:-1"},"canonical":"https:\/\/www.focus.cat\/ex\/clavells\/","og_locale":"ca_ES","og_type":"article","og_title":"Clavells - Focus","og_url":"https:\/\/www.focus.cat\/en\/ex\/clavells\/","og_site_name":"Focus","article_modified_time":"2025-11-05T15:05:59+00:00","twitter_card":"summary_large_image","schema":{"@context":"https:\/\/schema.org","@graph":[{"@type":"WebPage","@id":"https:\/\/www.focus.cat\/en\/ex\/clavells\/","url":"https:\/\/www.focus.cat\/en\/ex\/clavells\/","name":"Clavells - Focus","isPartOf":{"@id":"https:\/\/www.focus.cat\/#website"},"datePublished":"2025-05-12T08:56:39+00:00","dateModified":"2025-11-05T15:05:59+00:00","breadcrumb":{"@id":"https:\/\/www.focus.cat\/en\/ex\/clavells\/#breadcrumb"},"inLanguage":"ca","potentialAction":[{"@type":"ReadAction","target":["https:\/\/www.focus.cat\/en\/ex\/clavells\/"]}]},{"@type":"BreadcrumbList","@id":"https:\/\/www.focus.cat\/en\/ex\/clavells\/#breadcrumb","itemListElement":[{"@type":"ListItem","position":1,"name":"Espectacles","item":"https:\/\/www.focus.cat\/ex\/"},{"@type":"ListItem","position":2,"name":"Clavells"}]},{"@type":"WebSite","@id":"https:\/\/www.focus.cat\/#website","url":"https:\/\/www.focus.cat\/","name":"Focus","description":"","publisher":{"@id":"https:\/\/www.focus.cat\/#organization"},"potentialAction":[{"@type":"SearchAction","target":{"@type":"EntryPoint","urlTemplate":"https:\/\/www.focus.cat\/?s={search_term_string}"},"query-input":{"@type":"PropertyValueSpecification","valueRequired":true,"valueName":"search_term_string"}}],"inLanguage":"ca"},{"@type":"Organization","@id":"https:\/\/www.focus.cat\/#organization","name":"Focus","url":"https:\/\/www.focus.cat\/","logo":{"@type":"ImageObject","inLanguage":"ca","@id":"https:\/\/www.focus.cat\/#\/schema\/logo\/image\/","url":"https:\/\/www.focus.cat\/wp-content\/uploads\/2022\/01\/logo-focus-any-35.svg","contentUrl":"https:\/\/www.focus.cat\/wp-content\/uploads\/2022\/01\/logo-focus-any-35.svg","width":1,"height":1,"caption":"Focus"},"image":{"@id":"https:\/\/www.focus.cat\/#\/schema\/logo\/image\/"}}]}},"translations":[{"id":22795,"locale":"ca"},{"id":22796,"locale":"es"},{"id":22797,"locale":"en"}],"_links":{"self":[{"href":"https:\/\/www.focus.cat\/wp-json\/wp\/v2\/ex\/22797","targetHints":{"allow":["GET"]}}],"collection":[{"href":"https:\/\/www.focus.cat\/wp-json\/wp\/v2\/ex"}],"about":[{"href":"https:\/\/www.focus.cat\/wp-json\/wp\/v2\/types\/ex"}],"author":[{"embeddable":true,"href":"https:\/\/www.focus.cat\/wp-json\/wp\/v2\/users\/5"}],"replies":[{"embeddable":true,"href":"https:\/\/www.focus.cat\/wp-json\/wp\/v2\/comments?post=22797"}],"wp:attachment":[{"href":"https:\/\/www.focus.cat\/wp-json\/wp\/v2\/media?parent=22797"}],"wp:term":[{"taxonomy":"location","embeddable":true,"href":"https:\/\/www.focus.cat\/wp-json\/wp\/v2\/location?post=22797"}],"curies":[{"name":"wp","href":"https:\/\/api.w.org\/{rel}","templated":true}]}}

<p><strong>Una commovedora història d'amor, traïció i esperança<br /></strong><strong><br /></strong>Després de dècades sense veure's, un home i una dona es retroben.<strong> Comparteixen un passat de compromís polític i amistat profunda</strong> que es va veure truncat per la traïció. Des de llavors, sumen silencis, mentides, rancors i el record d'un moment d'esperança immaculada: la Revolució dels Clavells.</p>

Espectacle en català.

DRAMÀTIC

<strong>CLAVELLS proposa un viatge d'anada i tornada al lloc on va ser il·luminada l'esperança.<br /></strong>

Autora:<strong> Emma Riverola</strong><br />Direcció: <strong>Abel Folk<br /></strong>Intèrprets: <strong>Abel Folk i Sílvia Marsó<br /></strong>Escenografia: <strong>Paco Azorín<br /></strong>Fotos: <strong>Geraldine Leloutre</strong>

Antonio Illán|ABC|“Un mosaic de records, de veritats que s'han ocultat, d'emocions, actituds vitals, valors i contravalors”
Angelica Francesca Rimini|El Cultural|“El públic aplaudeix, riu, plora i canta amb ells. Els personatges treuen tot tipus d'emocions i aconsegueixen penetrar en l'ànima de l'espectador.”
Marc Libiano|Diari de Tarragona|“Un diàleg cara a cara, en una baralla carnal, viva, amb diàlegs d'una gran brillantor”
