{"id":28059,"date":"2026-04-17T10:22:55","date_gmt":"2026-04-17T08:22:55","guid":{"rendered":"https:\/\/www.focus.cat\/ex\/lauca-del-sr-pera\/"},"modified":"2026-04-24T13:33:20","modified_gmt":"2026-04-24T11:33:20","slug":"lauca-del-senyor-pera","status":"publish","type":"ex","link":"https:\/\/www.focus.cat\/en\/ex\/lauca-del-senyor-pera\/","title":{"rendered":"<p>L&#39;auca del Sr. Pera<\/p>"},"content":{"rendered":"","protected":false},"excerpt":{"rendered":"","protected":false},"author":5,"featured_media":0,"comment_status":"closed","ping_status":"closed","template":"","location":[26],"class_list":["post-28059","ex","type-ex","status-publish","hentry","location-home"],"acf":{"txt_synopsis":"<p><strong>A monologue to laugh and get excited<\/strong>  <\/p><p>  <br>One of the great veterans of our scene and the actor most loved by the Catalan public returns to the stage alone to compose a very special auca: a journey through his memories and theatrical experiences. A whole life dedicated to the scene told as only he knows how (and can) do it.<\/p>","main_buy_link":"https:\/\/tickets.oneboxtds.com\/teatrecondal\/events\/55048?hl=es-ES","main_buy_links":"[\"https:\/\/tickets.oneboxtds.com\/teatrecondal\/events\/55048?hl=es-ES\"]","show_language":"<p>Show in<strong>Catalan<\/strong> <\/p>","show_duration":"90","txt_genre":"THEATRE","show_start_date":"20260604000000","show_end_date":"20260614000000","show_sort_date":"20260604000000","txt_custom_show_dates":"","txt_additional_info":"<p>Recommended from<strong>12 years<\/strong> <\/p>","txt_present":"","txt_season":"[\"2025\/26\"]","txt_cycle":"","txt_claim":"","txt_cast_excerpt":"","txt_cast":"<p>Author:<strong>Joan Pera<\/strong> <br>Address:<strong>Daniel Angl\u00e8s<br><\/strong>Co-direction:<strong> Jaume Vi\u00f1as<br><\/strong> <\/p><p>Performers:<strong>Joan Pera<\/strong> <\/p><p>Scenography:<strong>Guillem Marti<\/strong> <br>Costumes and characterization:<strong>N\u00faria Llunell<\/strong> <br>Lightning:<strong>Raul Martinez<br><\/strong> Sound design: <strong>Jordi Bonet<\/strong><br> <\/p><p>Production Address:<strong>Maite Pijuan<\/strong> <br>Executive Production:<strong>Sira Castells<\/strong> <br>Technical direction:<strong>Moi Cuenca<\/strong> <br>Technical coordination:<strong>Jordi Farr\u00e0s<\/strong> <br>Production Assistant:<strong>Sara Lopez<\/strong> <br>Registry:<strong>Blai Pera<\/strong> <br>Technical head of the theater:<strong>Aleix Arbon\u00e8s<\/strong> <br>Theater Technician:<strong>Victor Bartholomew<\/strong> <\/p><p>Marketing and communication:<strong>Focus<\/strong> <br>Photo report:<strong>David Ruano<\/strong> <\/p><p> <\/p><p>Collaborators:<strong>Montibello<\/strong>and<strong>Colors up<\/strong><\/p><p>With the support of <strong>ICEC, Fons Next Generation d&#39;Espanya (INAEM, Uni\u00f3n Europea Fondos Next Generation i Plan de Recuperaci\u00f3n, Transformaci\u00f3n y Resiliencia)<\/strong><\/p><p> <\/p><p>Distribution:<strong>Carme Tierz<\/strong>(<a href=\"mailto:carmetierz@focus.cat\" rel=\"noopener noreferrer\" target=\"_blank\">carmetierz@focus.cat<\/a>)<\/p><p>It is a production of<strong>Focus<\/strong> <\/p><p> <\/p>","txt_reviews":"","hashtag":"<p>LaucadelsrPera<\/p>","have_promo":"","slogan":"","id_exhibicio":2380,"id_versio":1862,"id_local":3,"txt_seo_desc":"<p>L'auca by Mr. Pera at the Teatro Condal de Barcelona<\/p>","data_images":"[{\"localizer\":\"V3CARTELLDISTRI\",\"url\":\"media\/ver\/cartell\/v3\/2026\/04\/c6f2a020-7156-4b75-a16b-4e27764cc8df.jpg\",\"thumb_url\":\"media\/ver\/cartell\/v3\/2026\/04\/c6f2a020-7156-4b75-a16b-4e27764cc8df.jpg\",\"title\":\"L'auca del Sr. Pera\",\"description\":\"<p>L&#39;auca&nbsp;del&nbsp;Sr.&nbsp;Pera<\/p>\",\"copyright\":\"\",\"order\":0},{\"localizer\":\"V4EXHBCARTELL\",\"url\":\"media\/ver\/cartell\/v4\/2026\/04\/d6fc555b-8a49-46ff-aa7d-53dd3476e2df.jpg\",\"thumb_url\":\"media\/ver\/cartell\/v4\/2026\/04\/d6fc555b-8a49-46ff-aa7d-53dd3476e2df.jpg\",\"title\":\"L'auca del Sr. Pera al Teatre Condal de Barcelona\",\"description\":\"<p>L&#39;auca&nbsp;del&nbsp;Sr.&nbsp;Pera&nbsp;al&nbsp;Teatre&nbsp;Condal&nbsp;de&nbsp;Barcelona<\/p>\",\"copyright\":\"\",\"order\":0},{\"localizer\":\"V4PORTADA\",\"url\":\"media\/ver\/port\/v4\/2026\/04\/2ecd3c28-13f6-4c2d-865f-026580f8b92e.jpg\",\"thumb_url\":\"media\/ver\/port\/v4\/2026\/04\/2ecd3c28-13f6-4c2d-865f-026580f8b92e.jpg\",\"title\":\"L'auca del Sr. Pera al Teatre Condal de Barcelona\",\"description\":\"<p>L&#39;auca&nbsp;del&nbsp;Sr.&nbsp;Pera&nbsp;al&nbsp;Teatre&nbsp;Condal&nbsp;de&nbsp;Barcelona<\/p>\",\"copyright\":\"\",\"order\":0},{\"localizer\":\"V4PORTADAWIDE\",\"url\":\"media\/ver\/port\/wide\/v4\/2026\/04\/3b5e713d-0625-48dc-9b0a-31d9d085aaee.jpg\",\"thumb_url\":\"media\/ver\/port\/wide\/v4\/2026\/04\/3b5e713d-0625-48dc-9b0a-31d9d085aaee.jpg\",\"title\":\"L'auca del Sr. Pera al Teatre Condal de Barcelona\",\"description\":\"<p>L&#39;auca&nbsp;del&nbsp;Sr.&nbsp;Pera&nbsp;al&nbsp;Teatre&nbsp;Condal&nbsp;de&nbsp;Barcelona<\/p>\",\"copyright\":\"\",\"order\":0},{\"localizer\":\"V4PORTADAWIDEMOBILE\",\"url\":\"media\/ver\/port\/wide\/mobile\/v4\/2026\/04\/5094a52d-cca0-4b29-ac41-83f34682a863.jpg\",\"thumb_url\":\"media\/ver\/port\/wide\/mobile\/v4\/2026\/04\/5094a52d-cca0-4b29-ac41-83f34682a863.jpg\",\"title\":\"L'auca del Sr. Pera al Teatre Condal de Barcelona\",\"description\":\"<p>L&#39;auca&nbsp;del&nbsp;Sr.&nbsp;Pera&nbsp;al&nbsp;Teatre&nbsp;Condal&nbsp;de&nbsp;Barcelona<\/p>\",\"copyright\":\"\",\"order\":0}]","material__texto_intro":"","data_material":null,"data_gallery":"","data_discounts":"[]","contract_is_open":true,"in_tour":false,"foreign_production":false,"tour_end_date":""},"yoast_head":"<!-- This site is optimized with the Yoast SEO plugin v27.5 - https:\/\/yoast.com\/product\/yoast-seo-wordpress\/ -->\n<title>L&#039;auca del Sr. Pera - Focus<\/title>\n<meta name=\"robots\" content=\"index, follow, max-snippet:-1, max-image-preview:large, max-video-preview:-1\" \/>\n<link rel=\"canonical\" href=\"https:\/\/www.focus.cat\/ex\/lauca-del-senyor-pera\/\" \/>\n<meta property=\"og:locale\" content=\"ca_ES\" \/>\n<meta property=\"og:type\" content=\"article\" \/>\n<meta property=\"og:title\" content=\"L&#039;auca del Sr. Pera - Focus\" \/>\n<meta property=\"og:url\" content=\"https:\/\/www.focus.cat\/en\/ex\/lauca-del-senyor-pera\/\" \/>\n<meta property=\"og:site_name\" content=\"Focus\" \/>\n<meta property=\"article:modified_time\" content=\"2026-04-24T11:33:20+00:00\" \/>\n<meta name=\"twitter:card\" content=\"summary_large_image\" \/>\n<script type=\"application\/ld+json\" class=\"yoast-schema-graph\">{\"@context\":\"https:\\\/\\\/schema.org\",\"@graph\":[{\"@type\":\"WebPage\",\"@id\":\"https:\\\/\\\/www.focus.cat\\\/en\\\/ex\\\/lauca-del-senyor-pera\\\/\",\"url\":\"https:\\\/\\\/www.focus.cat\\\/en\\\/ex\\\/lauca-del-senyor-pera\\\/\",\"name\":\"L&#39;auca del Sr. Pera - Focus\",\"isPartOf\":{\"@id\":\"https:\\\/\\\/www.focus.cat\\\/#website\"},\"datePublished\":\"2026-04-17T08:22:55+00:00\",\"dateModified\":\"2026-04-24T11:33:20+00:00\",\"breadcrumb\":{\"@id\":\"https:\\\/\\\/www.focus.cat\\\/en\\\/ex\\\/lauca-del-senyor-pera\\\/#breadcrumb\"},\"inLanguage\":\"ca\",\"potentialAction\":[{\"@type\":\"ReadAction\",\"target\":[\"https:\\\/\\\/www.focus.cat\\\/en\\\/ex\\\/lauca-del-senyor-pera\\\/\"]}]},{\"@type\":\"BreadcrumbList\",\"@id\":\"https:\\\/\\\/www.focus.cat\\\/en\\\/ex\\\/lauca-del-senyor-pera\\\/#breadcrumb\",\"itemListElement\":[{\"@type\":\"ListItem\",\"position\":1,\"name\":\"Espectacles\",\"item\":\"https:\\\/\\\/www.focus.cat\\\/ex\\\/\"},{\"@type\":\"ListItem\",\"position\":2,\"name\":\"L&#39;auca del Sr. Pera\"}]},{\"@type\":\"WebSite\",\"@id\":\"https:\\\/\\\/www.focus.cat\\\/#website\",\"url\":\"https:\\\/\\\/www.focus.cat\\\/\",\"name\":\"Focus\",\"description\":\"\",\"publisher\":{\"@id\":\"https:\\\/\\\/www.focus.cat\\\/#organization\"},\"potentialAction\":[{\"@type\":\"SearchAction\",\"target\":{\"@type\":\"EntryPoint\",\"urlTemplate\":\"https:\\\/\\\/www.focus.cat\\\/?s={search_term_string}\"},\"query-input\":{\"@type\":\"PropertyValueSpecification\",\"valueRequired\":true,\"valueName\":\"search_term_string\"}}],\"inLanguage\":\"ca\"},{\"@type\":\"Organization\",\"@id\":\"https:\\\/\\\/www.focus.cat\\\/#organization\",\"name\":\"Focus\",\"url\":\"https:\\\/\\\/www.focus.cat\\\/\",\"logo\":{\"@type\":\"ImageObject\",\"inLanguage\":\"ca\",\"@id\":\"https:\\\/\\\/www.focus.cat\\\/#\\\/schema\\\/logo\\\/image\\\/\",\"url\":\"https:\\\/\\\/www.focus.cat\\\/wp-content\\\/uploads\\\/2022\\\/01\\\/logo-focus-any-35.svg\",\"contentUrl\":\"https:\\\/\\\/www.focus.cat\\\/wp-content\\\/uploads\\\/2022\\\/01\\\/logo-focus-any-35.svg\",\"width\":1,\"height\":1,\"caption\":\"Focus\"},\"image\":{\"@id\":\"https:\\\/\\\/www.focus.cat\\\/#\\\/schema\\\/logo\\\/image\\\/\"}}]}<\/script>\n<!-- \/ Yoast SEO plugin. -->","yoast_head_json":{"title":"L&#39;auca del Sr. Pera - Focus","robots":{"index":"index","follow":"follow","max-snippet":"max-snippet:-1","max-image-preview":"max-image-preview:large","max-video-preview":"max-video-preview:-1"},"canonical":"https:\/\/www.focus.cat\/ex\/lauca-del-senyor-pera\/","og_locale":"ca_ES","og_type":"article","og_title":"L&#39;auca del Sr. Pera - Focus","og_url":"https:\/\/www.focus.cat\/en\/ex\/lauca-del-senyor-pera\/","og_site_name":"Focus","article_modified_time":"2026-04-24T11:33:20+00:00","twitter_card":"summary_large_image","schema":{"@context":"https:\/\/schema.org","@graph":[{"@type":"WebPage","@id":"https:\/\/www.focus.cat\/en\/ex\/lauca-del-senyor-pera\/","url":"https:\/\/www.focus.cat\/en\/ex\/lauca-del-senyor-pera\/","name":"L&#39;auca del Sr. Pera - Focus","isPartOf":{"@id":"https:\/\/www.focus.cat\/#website"},"datePublished":"2026-04-17T08:22:55+00:00","dateModified":"2026-04-24T11:33:20+00:00","breadcrumb":{"@id":"https:\/\/www.focus.cat\/en\/ex\/lauca-del-senyor-pera\/#breadcrumb"},"inLanguage":"ca","potentialAction":[{"@type":"ReadAction","target":["https:\/\/www.focus.cat\/en\/ex\/lauca-del-senyor-pera\/"]}]},{"@type":"BreadcrumbList","@id":"https:\/\/www.focus.cat\/en\/ex\/lauca-del-senyor-pera\/#breadcrumb","itemListElement":[{"@type":"ListItem","position":1,"name":"Espectacles","item":"https:\/\/www.focus.cat\/ex\/"},{"@type":"ListItem","position":2,"name":"L&#39;auca del Sr. Pera"}]},{"@type":"WebSite","@id":"https:\/\/www.focus.cat\/#website","url":"https:\/\/www.focus.cat\/","name":"Focus","description":"","publisher":{"@id":"https:\/\/www.focus.cat\/#organization"},"potentialAction":[{"@type":"SearchAction","target":{"@type":"EntryPoint","urlTemplate":"https:\/\/www.focus.cat\/?s={search_term_string}"},"query-input":{"@type":"PropertyValueSpecification","valueRequired":true,"valueName":"search_term_string"}}],"inLanguage":"ca"},{"@type":"Organization","@id":"https:\/\/www.focus.cat\/#organization","name":"Focus","url":"https:\/\/www.focus.cat\/","logo":{"@type":"ImageObject","inLanguage":"ca","@id":"https:\/\/www.focus.cat\/#\/schema\/logo\/image\/","url":"https:\/\/www.focus.cat\/wp-content\/uploads\/2022\/01\/logo-focus-any-35.svg","contentUrl":"https:\/\/www.focus.cat\/wp-content\/uploads\/2022\/01\/logo-focus-any-35.svg","width":1,"height":1,"caption":"Focus"},"image":{"@id":"https:\/\/www.focus.cat\/#\/schema\/logo\/image\/"}}]}},"translations":[{"id":28057,"locale":"ca"},{"id":28058,"locale":"es"},{"id":28059,"locale":"en"}],"_links":{"self":[{"href":"https:\/\/www.focus.cat\/wp-json\/wp\/v2\/ex\/28059","targetHints":{"allow":["GET"]}}],"collection":[{"href":"https:\/\/www.focus.cat\/wp-json\/wp\/v2\/ex"}],"about":[{"href":"https:\/\/www.focus.cat\/wp-json\/wp\/v2\/types\/ex"}],"author":[{"embeddable":true,"href":"https:\/\/www.focus.cat\/wp-json\/wp\/v2\/users\/5"}],"replies":[{"embeddable":true,"href":"https:\/\/www.focus.cat\/wp-json\/wp\/v2\/comments?post=28059"}],"wp:attachment":[{"href":"https:\/\/www.focus.cat\/wp-json\/wp\/v2\/media?parent=28059"}],"wp:term":[{"taxonomy":"location","embeddable":true,"href":"https:\/\/www.focus.cat\/wp-json\/wp\/v2\/location?post=28059"}],"curies":[{"name":"wp","href":"https:\/\/api.w.org\/{rel}","templated":true}]}}

<p>Author:<strong>Joan Pera</strong> <br>Address:<strong>Daniel Anglès<br></strong>Co-direction:<strong> Jaume Viñas<br></strong> </p><p>Performers:<strong>Joan Pera</strong> </p><p>Scenography:<strong>Guillem Marti</strong> <br>Costumes and characterization:<strong>Núria Llunell</strong> <br>Lightning:<strong>Raul Martinez<br></strong> Sound design: <strong>Jordi Bonet</strong><br> </p><p>Production Address:<strong>Maite Pijuan</strong> <br>Executive Production:<strong>Sira Castells</strong> <br>Technical direction:<strong>Moi Cuenca</strong> <br>Technical coordination:<strong>Jordi Farràs</strong> <br>Production Assistant:<strong>Sara Lopez</strong> <br>Registry:<strong>Blai Pera</strong> <br>Technical head of the theater:<strong>Aleix Arbonès</strong> <br>Theater Technician:<strong>Victor Bartholomew</strong> </p><p>Marketing and communication:<strong>Focus</strong> <br>Photo report:<strong>David Ruano</strong> </p><p> </p><p>Collaborators:<strong>Montibello</strong>and<strong>Colors up</strong></p><p>With the support of <strong>ICEC, Fons Next Generation d&#39;Espanya (INAEM, Unión Europea Fondos Next Generation i Plan de Recuperación, Transformación y Resiliencia)</strong></p><p> </p><p>Distribution:<strong>Carme Tierz</strong>(<a href="mailto:carmetierz@focus.cat" rel="noopener noreferrer" target="_blank">carmetierz@focus.cat</a>)</p><p>It is a production of<strong>Focus</strong> </p><p> </p>
