{"id":7083,"date":"2022-05-11T10:43:49","date_gmt":"2022-05-11T10:43:49","guid":{"rendered":"https:\/\/www.focus.cat\/ex\/el-gran-comediant-2\/"},"modified":"2023-06-12T08:47:09","modified_gmt":"2023-06-12T08:47:09","slug":"el-gran-comediant","status":"publish","type":"ex","link":"https:\/\/www.focus.cat\/en\/ex\/el-gran-comediant\/","title":{"rendered":"El Gran Comediant"},"content":{"rendered":"","protected":false},"excerpt":{"rendered":"","protected":false},"author":5,"featured_media":0,"comment_status":"closed","ping_status":"closed","template":"","location":[],"class_list":["post-7083","ex","type-ex","status-publish","hentry"],"acf":{"txt_synopsis":"<p>En Lloren\u00e7 i l\u2019Ernest s\u00f3n dos grans amics de tota la vida. Els dos van decidir fa molt temps que volien ser actors, per\u00f2 han tingut carreres desiguals. Mentre que en Lloren\u00e7 fa temps que totes li ponen i ha vist com la seva fama creixia (a l\u2019igual que el seu ego) fins a convertir-se en tot un divo del teatre catal\u00e0, l\u2019Ernest no se n\u2019ha acabat mai d\u2019ensortir.<\/p>\r\n<p>Quan finalment, als 50 anys, l\u2019Ernest decideix tirar la tovallola, en Lloren\u00e7 li etziba un discurs motivador digne dels millors coach d\u2019autoajuda del m\u00f3n, tot i que ell secretament el compadeix i creu que l\u2019Ernest realment faria b\u00e9 d\u2019abandonar.<\/p>\r\n<p>El que el LLoren\u00e7 no pod\u00eda preveure \u00e9s que, contra tot pron\u00f2stic, el seu discurs motivador sembla que realment ha calat i l\u2019Ernest fa un gir radical a la seva vida. De sobte les coses comencen a anar-li molt b\u00e9, en tots els sentits\u2026 molt m\u00e9s b\u00e9 del que en Lloren\u00e7 pot suportar. La seva compassi\u00f3 pel seu amic de l\u2019\u00e0nima es transforma en una gelosia incontrolable i a partir d\u2019aquell moment el Lloren\u00e7 far\u00e0 tot el que pugui per sabotejar l\u2019\u00e8xit del seu gran amic.<\/p>\r\n<p>Tot s\u2019hi val en aquesta competici\u00f3 desquiciada que arribar\u00e0 a ser literalment una q\u00fcesti\u00f3 de vida o mort<\/p>\r\n<p><\/p>","main_buy_link":"","main_buy_links":"","show_language":"Espectacle en catal\u00e0","show_duration":"105","txt_genre":"COM\u00c8DIA","show_start_date":"20211203000000","show_end_date":"20220619000000","show_sort_date":"20211223000000","txt_custom_show_dates":"del 3 de diciembre de 2021 al 19 de junio de 2022 ","txt_additional_info":"<p><i class=\"fa fa-info fa-2x fa-fw\"><\/i>El dia 11 de juny es dur\u00e0 a terme una funci\u00f3 accessible amb subtitulat, audiodescripci\u00f3 i ajuda auditiva.","txt_present":"","txt_season":"[\"2021\/22\",\"2022\/23\"]","txt_cycle":"","txt_claim":"En Lloren\u00e7 i l\u2019Ernest s\u00f3n dos grans amics de tota la vida. Els dos van decidir fa molt temps que volien ser actors, per\u00f2 han tingut carreres desiguals. Mentre que en Lloren\u00e7 fa temps que totes li ponen i ha vist com la seva fama creixia (a l\u2019igual que el seu ego) fins a convertir-se en tot un divo del teatre catal\u00e0, l\u2019Ernest no se n\u2019ha acabat mai d\u2019ensortir.","txt_cast_excerpt":"","txt_cast":"<p>&nbsp;<\/p>","txt_reviews":"","hashtag":"ElGranComediant","have_promo":"","slogan":"","id_exhibicio":1813,"id_versio":1462,"id_local":35,"txt_seo_desc":"El Gran Comediant, amb Joel Joan, Xavi Mira, Sandra Moncl\u00fas, \u00c0frica Alonso i Eduard Muntada, a partir del 3 de desembre al Teatre Goya de Barcelona","data_images":"[{\"localizer\":\"V2CARTELL\",\"url\":\"media\/ver\/cartell\/3157C\/01_079_00051643\/cartell-web-el-gran-comediant-teatre-goya.jpg\",\"thumb_url\":\"media\/ver\/cartell\/3157C\/01_079_00051643\/cartell-web-el-gran-comediant-teatre-goya_thumb.jpg\",\"title\":\"El Gran Comediant - Teatre Goya\",\"description\":\"el gran comediant al teatre goya de barcelona\",\"copyright\":\"\",\"order\":5},{\"localizer\":\"V3CARTELLDISTRI\",\"url\":\"media\/ver\/cartell\/v3\/3157C\/01_085_00051646\/cartell-web-el-gran-comediant-gires.jpg\",\"thumb_url\":\"media\/ver\/cartell\/v3\/3157C\/01_085_00051646\/cartell-web-el-gran-comediant-gires_thumb.jpg\",\"title\":\"El Gran Comediant\",\"description\":\"el gran comediant\",\"copyright\":\"\",\"order\":6},{\"localizer\":\"V3SLIDE\",\"url\":\"media\/ftgalslide\/v3\/3157F\/01_086_00052139\/T21_comediant_047.jpg\",\"thumb_url\":\"media\/ftgalslide\/v3\/3157F\/01_086_00052139\/T21_comediant_047_thumb.jpg\",\"title\":\"El Gran Comediant - Teatre Goya\",\"description\":\"el gran comediant al teatre goya de barcelona\",\"copyright\":\"https:\/\/www.youtube.com\/watch?v=f2c99bWRwVE\",\"order\":14},{\"localizer\":\"V3SLIDE\",\"url\":\"media\/ftgalslide\/v3\/3157F\/01_086_00052140\/T21_comediant_020.jpg\",\"thumb_url\":\"media\/ftgalslide\/v3\/3157F\/01_086_00052140\/T21_comediant_020_thumb.jpg\",\"title\":\"El Gran Comediant - Teatre Goya\",\"description\":\"el gran comediant al teatre goya de barcelona\",\"copyright\":\"\",\"order\":15},{\"localizer\":\"V3SLIDE\",\"url\":\"media\/ftgalslide\/v3\/3157F\/01_086_00052141\/T21_comediant_115.jpg\",\"thumb_url\":\"media\/ftgalslide\/v3\/3157F\/01_086_00052141\/T21_comediant_115_thumb.jpg\",\"title\":\"El Gran Comediant - Teatre Goya\",\"description\":\"el gran comediant al teatre goya de barcelona\",\"copyright\":\"\",\"order\":16},{\"localizer\":\"V3CARTELL\",\"url\":\"media\/ver\/cartell\/v3\/315DB\/01_085_00053496\/cartell-web-el-gran-comediant-teatre-goya.jpg\",\"thumb_url\":\"media\/ver\/cartell\/v3\/315DB\/01_085_00053496\/cartell-web-el-gran-comediant-teatre-goya_thumb.jpg\",\"title\":\"El gran comediant - teatre goya\",\"description\":\"El gran comediant al teatre goya de barcelona\",\"copyright\":\"\",\"order\":23},{\"localizer\":\"V3PORTADAWIDE\",\"url\":\"media\/ver\/port\/v3wide\/315DE\/01_088_00054150\/0-el-gran-comediant-teatre-goya-aixo-sacaba-ultimes-funcions.jpg\",\"thumb_url\":\"media\/ver\/port\/v3wide\/315DE\/01_088_00054150\/0-el-gran-comediant-teatre-goya-aixo-sacaba-ultimes-funcions_thumb.jpg\",\"title\":\"El gran comediant - Teatre Goya\",\"description\":\"el gran comediant al teatre goya de barcelona\",\"copyright\":\"\",\"order\":30},{\"localizer\":\"V3PORTADA\",\"url\":\"media\/ver\/port\/v3\/315DE\/01_084_00054151\/1-el-gran-comediant-teatre-goya.jpg\",\"thumb_url\":\"media\/ver\/port\/v3\/315DE\/01_084_00054151\/1-el-gran-comediant-teatre-goya_thumb.jpg\",\"title\":\"El gran comediant - Teatre Goya\",\"description\":\"el gran comediant al teatre goya de barcelona\",\"copyright\":\"\",\"order\":31}]","material__texto_intro":"","data_material":null,"data_gallery":"","data_discounts":"[]","contract_is_open":false,"in_tour":false,"foreign_production":false,"tour_end_date":"00010101000000"},"yoast_head":"<!-- This site is optimized with the Yoast SEO plugin v27.5 - https:\/\/yoast.com\/product\/yoast-seo-wordpress\/ -->\n<title>El Gran Comediant - Focus<\/title>\n<meta name=\"robots\" content=\"index, follow, max-snippet:-1, max-image-preview:large, max-video-preview:-1\" \/>\n<link rel=\"canonical\" href=\"https:\/\/www.focus.cat\/ex\/el-gran-comediant\/\" \/>\n<meta property=\"og:locale\" content=\"ca_ES\" \/>\n<meta property=\"og:type\" content=\"article\" \/>\n<meta property=\"og:title\" content=\"El Gran Comediant - Focus\" \/>\n<meta property=\"og:url\" content=\"https:\/\/www.focus.cat\/en\/ex\/el-gran-comediant\/\" \/>\n<meta property=\"og:site_name\" content=\"Focus\" \/>\n<meta property=\"article:modified_time\" content=\"2023-06-12T08:47:09+00:00\" \/>\n<meta name=\"twitter:card\" content=\"summary_large_image\" \/>\n<script type=\"application\/ld+json\" class=\"yoast-schema-graph\">{\"@context\":\"https:\\\/\\\/schema.org\",\"@graph\":[{\"@type\":\"WebPage\",\"@id\":\"https:\\\/\\\/www.focus.cat\\\/en\\\/ex\\\/el-gran-comediant\\\/\",\"url\":\"https:\\\/\\\/www.focus.cat\\\/en\\\/ex\\\/el-gran-comediant\\\/\",\"name\":\"El Gran Comediant - Focus\",\"isPartOf\":{\"@id\":\"https:\\\/\\\/www.focus.cat\\\/#website\"},\"datePublished\":\"2022-05-11T10:43:49+00:00\",\"dateModified\":\"2023-06-12T08:47:09+00:00\",\"breadcrumb\":{\"@id\":\"https:\\\/\\\/www.focus.cat\\\/en\\\/ex\\\/el-gran-comediant\\\/#breadcrumb\"},\"inLanguage\":\"ca\",\"potentialAction\":[{\"@type\":\"ReadAction\",\"target\":[\"https:\\\/\\\/www.focus.cat\\\/en\\\/ex\\\/el-gran-comediant\\\/\"]}]},{\"@type\":\"BreadcrumbList\",\"@id\":\"https:\\\/\\\/www.focus.cat\\\/en\\\/ex\\\/el-gran-comediant\\\/#breadcrumb\",\"itemListElement\":[{\"@type\":\"ListItem\",\"position\":1,\"name\":\"Espectacles\",\"item\":\"https:\\\/\\\/www.focus.cat\\\/ex\\\/\"},{\"@type\":\"ListItem\",\"position\":2,\"name\":\"El Gran Comediant\"}]},{\"@type\":\"WebSite\",\"@id\":\"https:\\\/\\\/www.focus.cat\\\/#website\",\"url\":\"https:\\\/\\\/www.focus.cat\\\/\",\"name\":\"Focus\",\"description\":\"\",\"publisher\":{\"@id\":\"https:\\\/\\\/www.focus.cat\\\/#organization\"},\"potentialAction\":[{\"@type\":\"SearchAction\",\"target\":{\"@type\":\"EntryPoint\",\"urlTemplate\":\"https:\\\/\\\/www.focus.cat\\\/?s={search_term_string}\"},\"query-input\":{\"@type\":\"PropertyValueSpecification\",\"valueRequired\":true,\"valueName\":\"search_term_string\"}}],\"inLanguage\":\"ca\"},{\"@type\":\"Organization\",\"@id\":\"https:\\\/\\\/www.focus.cat\\\/#organization\",\"name\":\"Focus\",\"url\":\"https:\\\/\\\/www.focus.cat\\\/\",\"logo\":{\"@type\":\"ImageObject\",\"inLanguage\":\"ca\",\"@id\":\"https:\\\/\\\/www.focus.cat\\\/#\\\/schema\\\/logo\\\/image\\\/\",\"url\":\"https:\\\/\\\/www.focus.cat\\\/wp-content\\\/uploads\\\/2022\\\/01\\\/logo-focus-any-35.svg\",\"contentUrl\":\"https:\\\/\\\/www.focus.cat\\\/wp-content\\\/uploads\\\/2022\\\/01\\\/logo-focus-any-35.svg\",\"width\":1,\"height\":1,\"caption\":\"Focus\"},\"image\":{\"@id\":\"https:\\\/\\\/www.focus.cat\\\/#\\\/schema\\\/logo\\\/image\\\/\"}}]}<\/script>\n<!-- \/ Yoast SEO plugin. -->","yoast_head_json":{"title":"El Gran Comediant - Focus","robots":{"index":"index","follow":"follow","max-snippet":"max-snippet:-1","max-image-preview":"max-image-preview:large","max-video-preview":"max-video-preview:-1"},"canonical":"https:\/\/www.focus.cat\/ex\/el-gran-comediant\/","og_locale":"ca_ES","og_type":"article","og_title":"El Gran Comediant - Focus","og_url":"https:\/\/www.focus.cat\/en\/ex\/el-gran-comediant\/","og_site_name":"Focus","article_modified_time":"2023-06-12T08:47:09+00:00","twitter_card":"summary_large_image","schema":{"@context":"https:\/\/schema.org","@graph":[{"@type":"WebPage","@id":"https:\/\/www.focus.cat\/en\/ex\/el-gran-comediant\/","url":"https:\/\/www.focus.cat\/en\/ex\/el-gran-comediant\/","name":"El Gran Comediant - Focus","isPartOf":{"@id":"https:\/\/www.focus.cat\/#website"},"datePublished":"2022-05-11T10:43:49+00:00","dateModified":"2023-06-12T08:47:09+00:00","breadcrumb":{"@id":"https:\/\/www.focus.cat\/en\/ex\/el-gran-comediant\/#breadcrumb"},"inLanguage":"ca","potentialAction":[{"@type":"ReadAction","target":["https:\/\/www.focus.cat\/en\/ex\/el-gran-comediant\/"]}]},{"@type":"BreadcrumbList","@id":"https:\/\/www.focus.cat\/en\/ex\/el-gran-comediant\/#breadcrumb","itemListElement":[{"@type":"ListItem","position":1,"name":"Espectacles","item":"https:\/\/www.focus.cat\/ex\/"},{"@type":"ListItem","position":2,"name":"El Gran Comediant"}]},{"@type":"WebSite","@id":"https:\/\/www.focus.cat\/#website","url":"https:\/\/www.focus.cat\/","name":"Focus","description":"","publisher":{"@id":"https:\/\/www.focus.cat\/#organization"},"potentialAction":[{"@type":"SearchAction","target":{"@type":"EntryPoint","urlTemplate":"https:\/\/www.focus.cat\/?s={search_term_string}"},"query-input":{"@type":"PropertyValueSpecification","valueRequired":true,"valueName":"search_term_string"}}],"inLanguage":"ca"},{"@type":"Organization","@id":"https:\/\/www.focus.cat\/#organization","name":"Focus","url":"https:\/\/www.focus.cat\/","logo":{"@type":"ImageObject","inLanguage":"ca","@id":"https:\/\/www.focus.cat\/#\/schema\/logo\/image\/","url":"https:\/\/www.focus.cat\/wp-content\/uploads\/2022\/01\/logo-focus-any-35.svg","contentUrl":"https:\/\/www.focus.cat\/wp-content\/uploads\/2022\/01\/logo-focus-any-35.svg","width":1,"height":1,"caption":"Focus"},"image":{"@id":"https:\/\/www.focus.cat\/#\/schema\/logo\/image\/"}}]}},"translations":[{"id":6646,"locale":"ca"},{"id":6647,"locale":"es"},{"id":7083,"locale":"en"}],"_links":{"self":[{"href":"https:\/\/www.focus.cat\/wp-json\/wp\/v2\/ex\/7083","targetHints":{"allow":["GET"]}}],"collection":[{"href":"https:\/\/www.focus.cat\/wp-json\/wp\/v2\/ex"}],"about":[{"href":"https:\/\/www.focus.cat\/wp-json\/wp\/v2\/types\/ex"}],"author":[{"embeddable":true,"href":"https:\/\/www.focus.cat\/wp-json\/wp\/v2\/users\/5"}],"replies":[{"embeddable":true,"href":"https:\/\/www.focus.cat\/wp-json\/wp\/v2\/comments?post=7083"}],"wp:attachment":[{"href":"https:\/\/www.focus.cat\/wp-json\/wp\/v2\/media?parent=7083"}],"wp:term":[{"taxonomy":"location","embeddable":true,"href":"https:\/\/www.focus.cat\/wp-json\/wp\/v2\/location?post=7083"}],"curies":[{"name":"wp","href":"https:\/\/api.w.org\/{rel}","templated":true}]}}

<p>En Llorenç i l’Ernest són dos grans amics de tota la vida. Els dos van decidir fa molt temps que volien ser actors, però han tingut carreres desiguals. Mentre que en Llorenç fa temps que totes li ponen i ha vist com la seva fama creixia (a l’igual que el seu ego) fins a convertir-se en tot un divo del teatre català, l’Ernest no se n’ha acabat mai d’ensortir.</p>
<p>Quan finalment, als 50 anys, l’Ernest decideix tirar la tovallola, en Llorenç li etziba un discurs motivador digne dels millors coach d’autoajuda del món, tot i que ell secretament el compadeix i creu que l’Ernest realment faria bé d’abandonar.</p>
<p>El que el LLorenç no podía preveure és que, contra tot pronòstic, el seu discurs motivador sembla que realment ha calat i l’Ernest fa un gir radical a la seva vida. De sobte les coses comencen a anar-li molt bé, en tots els sentits… molt més bé del que en Llorenç pot suportar. La seva compassió pel seu amic de l’ànima es transforma en una gelosia incontrolable i a partir d’aquell moment el Llorenç farà tot el que pugui per sabotejar l’èxit del seu gran amic.</p>
<p>Tot s’hi val en aquesta competició desquiciada que arribarà a ser literalment una qüestió de vida o mort</p>
<p></p>

Espectacle en català

COMÈDIA

<p><i class="fa fa-info fa-2x fa-fw"></i>El dia 11 de juny es durà a terme una funció accessible amb subtitulat, audiodescripció i ajuda auditiva.

En Llorenç i l’Ernest són dos grans amics de tota la vida. Els dos van decidir fa molt temps que volien ser actors, però han tingut carreres desiguals. Mentre que en Llorenç fa temps que totes li ponen i ha vist com la seva fama creixia (a l’igual que el seu ego) fins a convertir-se en tot un divo del teatre català, l’Ernest no se n’ha acabat mai d’ensortir.

El Gran Comediant, amb Joel Joan, Xavi Mira, Sandra Monclús, Àfrica Alonso i Eduard Muntada, a partir del 3 de desembre al Teatre Goya de Barcelona
