{"id":7406,"date":"2022-05-12T11:12:27","date_gmt":"2022-05-12T11:12:27","guid":{"rendered":"https:\/\/www.focus.cat\/ex\/alguns-neixen-estrellats-3\/"},"modified":"2022-05-12T11:12:27","modified_gmt":"2022-05-12T11:12:27","slug":"alguns-neixen-estrellats-3","status":"publish","type":"ex","link":"https:\/\/www.focus.cat\/en\/ex\/alguns-neixen-estrellats-3\/","title":{"rendered":"Alguns neixen estrellats"},"content":{"rendered":"","protected":false},"excerpt":{"rendered":"","protected":false},"author":5,"featured_media":0,"comment_status":"closed","ping_status":"closed","template":"","location":[],"class_list":["post-7406","ex","type-ex","status-publish","hentry"],"acf":{"txt_synopsis":"<p><strong><em>Alguns neixen estrellats<\/em><\/strong> \u00e9s un espectacle que reflecteix la vida d'un personatge ingenu, simp\u00e0tic, entranyable que lluita per situar-se a la vida per\u00f2, malauradament, \u00e9s desgraciadet... La seva rutina di\u00e0ria \u00e9s trobar feina, i quan la t\u00e9, no li dura m\u00e9s d'un dia; tot s'espatlla, tot se l'hi trenca... Podr\u00edem dir que \u00e9s un \"gafe\"... Segur que tots en coneixem algun d\u2019aquests...Segur.<br \/>Fins i tot, la dona i la sogra el tenen atabalat. Tot el m\u00f3n sembla que es giri en contra d'ell.<br \/>Una com\u00e8dia protagonitzada per <strong>Joan Pera<\/strong>, prou reconegut en les seves innombrables tasques c\u00f2miques i acompanyat, aquesta vegada, per el gran <strong>David Olivares<\/strong>, que despr\u00e9s d'haver treballat junts en <em>El fantasma de Canterville<\/em>, tots dos ens ofereixen un espectacle absolutament rialler que ens evoca alguns dels personatges m\u00e9s universals de la Com\u00e8dia; Charlot, Miter Bean, Woody Allen, Frank Spencer, Inspector Closseau,...<br \/>Passi el que passi en gaudirem!... Est\u00e0 garantit.<br \/><\/p>","main_buy_link":"","main_buy_links":"","show_language":"Espectacle en catal\u00e0","show_duration":"90","txt_genre":"","show_start_date":"20190118000000","show_end_date":"20190118000000","show_sort_date":"20190118000000","txt_custom_show_dates":"el 18 de enero de 2019 ","txt_additional_info":"","txt_present":"","txt_season":"[]","txt_cycle":"","txt_claim":"Una com\u00e8dia protagonitzada per Joan Pera i David Olivares en un espectacle absolutament rialler que ens evoca alguns dels personatges m\u00e9s universals de la com\u00e8dia. Passi el que passi en gaudirem!","txt_cast_excerpt":"","txt_cast":"","txt_reviews":"","hashtag":"","have_promo":"","slogan":"","id_exhibicio":1642,"id_versio":1354,"id_local":126,"txt_seo_desc":"","data_images":"[{\"localizer\":\"V2CARTELL\",\"url\":\"media\/ver\/cartell\/314AD\/01_079_00047108\/cartell-gires-alguns-neixen-estrellats.jpg\",\"thumb_url\":\"media\/ver\/cartell\/314AD\/01_079_00047108\/cartell-gires-alguns-neixen-estrellats_thumb.jpg\",\"title\":\"Alguns neixen estrellats\",\"description\":\"Alguns neixen estrellats\",\"copyright\":\"\",\"order\":2},{\"localizer\":\"V2SLIDE\",\"url\":\"media\/ftgalslide\/314AD\/01_076_00047112\/foto-cartell-alguns-neixen-estrellats.JPG\",\"thumb_url\":\"media\/ftgalslide\/314AD\/01_076_00047112\/foto-cartell-alguns-neixen-estrellats_thumb.jpg\",\"title\":\"Alguns neixen estrellats\",\"description\":\"Alguns neixen estrellats\",\"copyright\":\"\",\"order\":3},{\"localizer\":\"V3SLIDE\",\"url\":\"media\/ftgalslide\/v3\/314B2\/01_086_00048226\/alguns-neixen-estrellats-focus-distribucio.jpg\",\"thumb_url\":\"media\/ftgalslide\/v3\/314B2\/01_086_00048226\/alguns-neixen-estrellats-focus-distribucio_thumb.jpg\",\"title\":\"Alguns neixen estrellats\",\"description\":\"Alguns neixen estrellats Focus Distribuci\u00f3n\",\"copyright\":\"\",\"order\":4},{\"localizer\":\"V3CARTELLDISTRI\",\"url\":\"media\/ver\/cartell\/v3\/31577\/01_085_00051077\/thumbnail_722X1030-.jpg\",\"thumb_url\":\"media\/ver\/cartell\/v3\/31577\/01_085_00051077\/thumbnail_722X1030-_thumb.jpg\",\"title\":\"Alguns neixen estrellats\",\"description\":\"alguns neixen estrellats\",\"copyright\":\"\",\"order\":6}]","material__texto_intro":"","data_material":null,"data_gallery":"","data_discounts":"[]","contract_is_open":false,"in_tour":false,"foreign_production":false,"tour_end_date":""},"yoast_head":"<!-- This site is optimized with the Yoast SEO plugin v27.5 - https:\/\/yoast.com\/product\/yoast-seo-wordpress\/ -->\n<title>Alguns neixen estrellats - Focus<\/title>\n<meta name=\"robots\" content=\"index, follow, max-snippet:-1, max-image-preview:large, max-video-preview:-1\" \/>\n<link rel=\"canonical\" href=\"https:\/\/www.focus.cat\/ex\/alguns-neixen-estrellats-3\/\" \/>\n<meta property=\"og:locale\" content=\"ca_ES\" \/>\n<meta property=\"og:type\" content=\"article\" \/>\n<meta property=\"og:title\" content=\"Alguns neixen estrellats - Focus\" \/>\n<meta property=\"og:url\" content=\"https:\/\/www.focus.cat\/en\/ex\/alguns-neixen-estrellats-3\/\" \/>\n<meta property=\"og:site_name\" content=\"Focus\" \/>\n<meta name=\"twitter:card\" content=\"summary_large_image\" \/>\n<script type=\"application\/ld+json\" class=\"yoast-schema-graph\">{\"@context\":\"https:\\\/\\\/schema.org\",\"@graph\":[{\"@type\":\"WebPage\",\"@id\":\"https:\\\/\\\/www.focus.cat\\\/en\\\/ex\\\/alguns-neixen-estrellats-3\\\/\",\"url\":\"https:\\\/\\\/www.focus.cat\\\/en\\\/ex\\\/alguns-neixen-estrellats-3\\\/\",\"name\":\"Alguns neixen estrellats - Focus\",\"isPartOf\":{\"@id\":\"https:\\\/\\\/www.focus.cat\\\/#website\"},\"datePublished\":\"2022-05-12T11:12:27+00:00\",\"breadcrumb\":{\"@id\":\"https:\\\/\\\/www.focus.cat\\\/en\\\/ex\\\/alguns-neixen-estrellats-3\\\/#breadcrumb\"},\"inLanguage\":\"ca\",\"potentialAction\":[{\"@type\":\"ReadAction\",\"target\":[\"https:\\\/\\\/www.focus.cat\\\/en\\\/ex\\\/alguns-neixen-estrellats-3\\\/\"]}]},{\"@type\":\"BreadcrumbList\",\"@id\":\"https:\\\/\\\/www.focus.cat\\\/en\\\/ex\\\/alguns-neixen-estrellats-3\\\/#breadcrumb\",\"itemListElement\":[{\"@type\":\"ListItem\",\"position\":1,\"name\":\"Espectacles\",\"item\":\"https:\\\/\\\/www.focus.cat\\\/ex\\\/\"},{\"@type\":\"ListItem\",\"position\":2,\"name\":\"Alguns neixen estrellats\"}]},{\"@type\":\"WebSite\",\"@id\":\"https:\\\/\\\/www.focus.cat\\\/#website\",\"url\":\"https:\\\/\\\/www.focus.cat\\\/\",\"name\":\"Focus\",\"description\":\"\",\"publisher\":{\"@id\":\"https:\\\/\\\/www.focus.cat\\\/#organization\"},\"potentialAction\":[{\"@type\":\"SearchAction\",\"target\":{\"@type\":\"EntryPoint\",\"urlTemplate\":\"https:\\\/\\\/www.focus.cat\\\/?s={search_term_string}\"},\"query-input\":{\"@type\":\"PropertyValueSpecification\",\"valueRequired\":true,\"valueName\":\"search_term_string\"}}],\"inLanguage\":\"ca\"},{\"@type\":\"Organization\",\"@id\":\"https:\\\/\\\/www.focus.cat\\\/#organization\",\"name\":\"Focus\",\"url\":\"https:\\\/\\\/www.focus.cat\\\/\",\"logo\":{\"@type\":\"ImageObject\",\"inLanguage\":\"ca\",\"@id\":\"https:\\\/\\\/www.focus.cat\\\/#\\\/schema\\\/logo\\\/image\\\/\",\"url\":\"https:\\\/\\\/www.focus.cat\\\/wp-content\\\/uploads\\\/2022\\\/01\\\/logo-focus-any-35.svg\",\"contentUrl\":\"https:\\\/\\\/www.focus.cat\\\/wp-content\\\/uploads\\\/2022\\\/01\\\/logo-focus-any-35.svg\",\"width\":1,\"height\":1,\"caption\":\"Focus\"},\"image\":{\"@id\":\"https:\\\/\\\/www.focus.cat\\\/#\\\/schema\\\/logo\\\/image\\\/\"}}]}<\/script>\n<!-- \/ Yoast SEO plugin. -->","yoast_head_json":{"title":"Alguns neixen estrellats - Focus","robots":{"index":"index","follow":"follow","max-snippet":"max-snippet:-1","max-image-preview":"max-image-preview:large","max-video-preview":"max-video-preview:-1"},"canonical":"https:\/\/www.focus.cat\/ex\/alguns-neixen-estrellats-3\/","og_locale":"ca_ES","og_type":"article","og_title":"Alguns neixen estrellats - Focus","og_url":"https:\/\/www.focus.cat\/en\/ex\/alguns-neixen-estrellats-3\/","og_site_name":"Focus","twitter_card":"summary_large_image","schema":{"@context":"https:\/\/schema.org","@graph":[{"@type":"WebPage","@id":"https:\/\/www.focus.cat\/en\/ex\/alguns-neixen-estrellats-3\/","url":"https:\/\/www.focus.cat\/en\/ex\/alguns-neixen-estrellats-3\/","name":"Alguns neixen estrellats - Focus","isPartOf":{"@id":"https:\/\/www.focus.cat\/#website"},"datePublished":"2022-05-12T11:12:27+00:00","breadcrumb":{"@id":"https:\/\/www.focus.cat\/en\/ex\/alguns-neixen-estrellats-3\/#breadcrumb"},"inLanguage":"ca","potentialAction":[{"@type":"ReadAction","target":["https:\/\/www.focus.cat\/en\/ex\/alguns-neixen-estrellats-3\/"]}]},{"@type":"BreadcrumbList","@id":"https:\/\/www.focus.cat\/en\/ex\/alguns-neixen-estrellats-3\/#breadcrumb","itemListElement":[{"@type":"ListItem","position":1,"name":"Espectacles","item":"https:\/\/www.focus.cat\/ex\/"},{"@type":"ListItem","position":2,"name":"Alguns neixen estrellats"}]},{"@type":"WebSite","@id":"https:\/\/www.focus.cat\/#website","url":"https:\/\/www.focus.cat\/","name":"Focus","description":"","publisher":{"@id":"https:\/\/www.focus.cat\/#organization"},"potentialAction":[{"@type":"SearchAction","target":{"@type":"EntryPoint","urlTemplate":"https:\/\/www.focus.cat\/?s={search_term_string}"},"query-input":{"@type":"PropertyValueSpecification","valueRequired":true,"valueName":"search_term_string"}}],"inLanguage":"ca"},{"@type":"Organization","@id":"https:\/\/www.focus.cat\/#organization","name":"Focus","url":"https:\/\/www.focus.cat\/","logo":{"@type":"ImageObject","inLanguage":"ca","@id":"https:\/\/www.focus.cat\/#\/schema\/logo\/image\/","url":"https:\/\/www.focus.cat\/wp-content\/uploads\/2022\/01\/logo-focus-any-35.svg","contentUrl":"https:\/\/www.focus.cat\/wp-content\/uploads\/2022\/01\/logo-focus-any-35.svg","width":1,"height":1,"caption":"Focus"},"image":{"@id":"https:\/\/www.focus.cat\/#\/schema\/logo\/image\/"}}]}},"translations":[{"id":7404,"locale":"ca"},{"id":7405,"locale":"es"},{"id":7406,"locale":"en"}],"_links":{"self":[{"href":"https:\/\/www.focus.cat\/wp-json\/wp\/v2\/ex\/7406","targetHints":{"allow":["GET"]}}],"collection":[{"href":"https:\/\/www.focus.cat\/wp-json\/wp\/v2\/ex"}],"about":[{"href":"https:\/\/www.focus.cat\/wp-json\/wp\/v2\/types\/ex"}],"author":[{"embeddable":true,"href":"https:\/\/www.focus.cat\/wp-json\/wp\/v2\/users\/5"}],"replies":[{"embeddable":true,"href":"https:\/\/www.focus.cat\/wp-json\/wp\/v2\/comments?post=7406"}],"wp:attachment":[{"href":"https:\/\/www.focus.cat\/wp-json\/wp\/v2\/media?parent=7406"}],"wp:term":[{"taxonomy":"location","embeddable":true,"href":"https:\/\/www.focus.cat\/wp-json\/wp\/v2\/location?post=7406"}],"curies":[{"name":"wp","href":"https:\/\/api.w.org\/{rel}","templated":true}]}}

<p><strong><em>Alguns neixen estrellats</em></strong> és un espectacle que reflecteix la vida d'un personatge ingenu, simpàtic, entranyable que lluita per situar-se a la vida però, malauradament, és desgraciadet... La seva rutina diària és trobar feina, i quan la té, no li dura més d'un dia; tot s'espatlla, tot se l'hi trenca... Podríem dir que és un "gafe"... Segur que tots en coneixem algun d’aquests...Segur.<br />Fins i tot, la dona i la sogra el tenen atabalat. Tot el món sembla que es giri en contra d'ell.<br />Una comèdia protagonitzada per <strong>Joan Pera</strong>, prou reconegut en les seves innombrables tasques còmiques i acompanyat, aquesta vegada, per el gran <strong>David Olivares</strong>, que després d'haver treballat junts en <em>El fantasma de Canterville</em>, tots dos ens ofereixen un espectacle absolutament rialler que ens evoca alguns dels personatges més universals de la Comèdia; Charlot, Miter Bean, Woody Allen, Frank Spencer, Inspector Closseau,...<br />Passi el que passi en gaudirem!... Està garantit.<br /></p>

Espectacle en català

Una comèdia protagonitzada per Joan Pera i David Olivares en un espectacle absolutament rialler que ens evoca alguns dels personatges més universals de la comèdia. Passi el que passi en gaudirem!

[{"localizer":"V2CARTELL","url":"media/ver/cartell/314AD/01_079_00047108/cartell-gires-alguns-neixen-estrellats.jpg","thumb_url":"media/ver/cartell/314AD/01_079_00047108/cartell-gires-alguns-neixen-estrellats_thumb.jpg","title":"Alguns neixen estrellats","description":"Alguns neixen estrellats","copyright":"","order":2},{"localizer":"V2SLIDE","url":"media/ftgalslide/314AD/01_076_00047112/foto-cartell-alguns-neixen-estrellats.JPG","thumb_url":"media/ftgalslide/314AD/01_076_00047112/foto-cartell-alguns-neixen-estrellats_thumb.jpg","title":"Alguns neixen estrellats","description":"Alguns neixen estrellats","copyright":"","order":3},{"localizer":"V3SLIDE","url":"media/ftgalslide/v3/314B2/01_086_00048226/alguns-neixen-estrellats-focus-distribucio.jpg","thumb_url":"media/ftgalslide/v3/314B2/01_086_00048226/alguns-neixen-estrellats-focus-distribucio_thumb.jpg","title":"Alguns neixen estrellats","description":"Alguns neixen estrellats Focus Distribución","copyright":"","order":4},{"localizer":"V3CARTELLDISTRI","url":"media/ver/cartell/v3/31577/01_085_00051077/thumbnail_722X1030-.jpg","thumb_url":"media/ver/cartell/v3/31577/01_085_00051077/thumbnail_722X1030-_thumb.jpg","title":"Alguns neixen estrellats","description":"alguns neixen estrellats","copyright":"","order":6}]
