{"version":"1.0","provider_name":"Focus","provider_url":"https:\/\/www.focus.cat\/es\/","title":"Concierto Sara Baras y Josep Carreras - Focus","type":"rich","width":600,"height":338,"html":"<blockquote class=\"wp-embedded-content\" data-secret=\"LEaMAZ82j2\"><a href=\"https:\/\/www.focus.cat\/es\/19987\/\">Concierto Sara Baras y Josep Carreras<\/a><\/blockquote><iframe sandbox=\"allow-scripts\" security=\"restricted\" src=\"https:\/\/www.focus.cat\/es\/19987\/embed\/#?secret=LEaMAZ82j2\" width=\"600\" height=\"338\" title=\"&#8220;Concierto Sara Baras y Josep Carreras&#8221; &#8212; Focus\" data-secret=\"LEaMAZ82j2\" frameborder=\"0\" marginwidth=\"0\" marginheight=\"0\" scrolling=\"no\" class=\"wp-embedded-content\"><\/iframe><script type=\"text\/javascript\">\n\/* <![CDATA[ *\/\n\/*! This file is auto-generated *\/\n!function(d,l){\"use strict\";l.querySelector&&d.addEventListener&&\"undefined\"!=typeof URL&&(d.wp=d.wp||{},d.wp.receiveEmbedMessage||(d.wp.receiveEmbedMessage=function(e){var t=e.data;if((t||t.secret||t.message||t.value)&&!\/[^a-zA-Z0-9]\/.test(t.secret)){for(var s,r,n,a=l.querySelectorAll('iframe[data-secret=\"'+t.secret+'\"]'),o=l.querySelectorAll('blockquote[data-secret=\"'+t.secret+'\"]'),c=new RegExp(\"^https?:$\",\"i\"),i=0;i<o.length;i++)o[i].style.display=\"none\";for(i=0;i<a.length;i++)s=a[i],e.source===s.contentWindow&&(s.removeAttribute(\"style\"),\"height\"===t.message?(1e3<(r=parseInt(t.value,10))?r=1e3:~~r<200&&(r=200),s.height=r):\"link\"===t.message&&(r=new URL(s.getAttribute(\"src\")),n=new URL(t.value),c.test(n.protocol))&&n.host===r.host&&l.activeElement===s&&(d.top.location.href=t.value))}},d.addEventListener(\"message\",d.wp.receiveEmbedMessage,!1),l.addEventListener(\"DOMContentLoaded\",function(){for(var e,t,s=l.querySelectorAll(\"iframe.wp-embedded-content\"),r=0;r<s.length;r++)(t=(e=s[r]).getAttribute(\"data-secret\"))||(t=Math.random().toString(36).substring(2,12),e.src+=\"#?secret=\"+t,e.setAttribute(\"data-secret\",t)),e.contentWindow.postMessage({message:\"ready\",secret:t},\"*\")},!1)))}(window,document);\n\/\/# sourceURL=https:\/\/www.focus.cat\/wp-includes\/js\/wp-embed.min.js\n\/* ]]> *\/\n<\/script>\n","thumbnail_url":"https:\/\/www.focus.cat\/wp-content\/uploads\/2024\/10\/QUADRAT-WEB-FOCUS-15-scaled.jpg","thumbnail_width":2560,"thumbnail_height":2560,"description":"Producci\u00f3n t\u00e9cnica de la ceremonia de conclusi\u00f3n de la Copa de Am\u00e9rica que se celebrar\u00e1 en el paseo de Gracia, con el montaje de un gran escenario ubicado al tramo comprendido entre las calles de Val\u00e8ncia y Rossell\u00f3 y con el p\u00fablico sentado a lo largo del paseo. Sara\u00a0Baras\u00a0y Josep Carreras sue\u00f1o los protagonistas del ... Llegeix m\u00e9s"}

Producción técnica de la ceremonia de conclusión de la Copa de América que se celebrará en el paseo de Gracia, con el montaje de un gran escenario ubicado al tramo comprendido entre las calles de València y Rosselló y con el público sentado a lo largo del paseo. Sara Baras y Josep Carreras sueño los protagonistas del ... Llegeix més
