{"version":"1.0","provider_name":"Focus","provider_url":"https:\/\/www.focus.cat\/es\/","title":"Gran \u00c9xito de El Padre en Madrid - Focus","type":"rich","width":600,"height":338,"html":"<blockquote class=\"wp-embedded-content\" data-secret=\"OEjmwcLY2r\"><a href=\"https:\/\/www.focus.cat\/es\/gran-exito-de-el-padre-en-madrid\/\">Gran \u00c9xito de El Padre en Madrid<\/a><\/blockquote><iframe sandbox=\"allow-scripts\" security=\"restricted\" src=\"https:\/\/www.focus.cat\/es\/gran-exito-de-el-padre-en-madrid\/embed\/#?secret=OEjmwcLY2r\" width=\"600\" height=\"338\" title=\"&#8220;Gran \u00c9xito de El Padre en Madrid&#8221; &#8212; Focus\" data-secret=\"OEjmwcLY2r\" frameborder=\"0\" marginwidth=\"0\" marginheight=\"0\" scrolling=\"no\" class=\"wp-embedded-content\"><\/iframe><script type=\"text\/javascript\">\n\/* <![CDATA[ *\/\n\/*! This file is auto-generated *\/\n!function(d,l){\"use strict\";l.querySelector&&d.addEventListener&&\"undefined\"!=typeof URL&&(d.wp=d.wp||{},d.wp.receiveEmbedMessage||(d.wp.receiveEmbedMessage=function(e){var t=e.data;if((t||t.secret||t.message||t.value)&&!\/[^a-zA-Z0-9]\/.test(t.secret)){for(var s,r,n,a=l.querySelectorAll('iframe[data-secret=\"'+t.secret+'\"]'),o=l.querySelectorAll('blockquote[data-secret=\"'+t.secret+'\"]'),c=new RegExp(\"^https?:$\",\"i\"),i=0;i<o.length;i++)o[i].style.display=\"none\";for(i=0;i<a.length;i++)s=a[i],e.source===s.contentWindow&&(s.removeAttribute(\"style\"),\"height\"===t.message?(1e3<(r=parseInt(t.value,10))?r=1e3:~~r<200&&(r=200),s.height=r):\"link\"===t.message&&(r=new URL(s.getAttribute(\"src\")),n=new URL(t.value),c.test(n.protocol))&&n.host===r.host&&l.activeElement===s&&(d.top.location.href=t.value))}},d.addEventListener(\"message\",d.wp.receiveEmbedMessage,!1),l.addEventListener(\"DOMContentLoaded\",function(){for(var e,t,s=l.querySelectorAll(\"iframe.wp-embedded-content\"),r=0;r<s.length;r++)(t=(e=s[r]).getAttribute(\"data-secret\"))||(t=Math.random().toString(36).substring(2,12),e.src+=\"#?secret=\"+t,e.setAttribute(\"data-secret\",t)),e.contentWindow.postMessage({message:\"ready\",secret:t},\"*\")},!1)))}(window,document);\n\/\/# sourceURL=https:\/\/www.focus.cat\/wp-includes\/js\/wp-embed.min.js\n\/* ]]> *\/\n<\/script>\n","thumbnail_url":"https:\/\/www.focus.cat\/wp-content\/uploads\/2024\/03\/MicrosoftTeams-image-16.jpg","thumbnail_width":1080,"thumbnail_height":1080,"description":"Despu\u00e9s de haber permanecido en diferentes ciudades de Espa\u00f1a como Bilbao, Valencia o La Coru\u00f1a, entre otros, El padre ha llegado a Madrid y su \u00e9xito ha sido fulgurante. La obra, protagonizada por Jos\u00e9 Mar\u00eda Pou, es la versi\u00f3n en castellano de El pare, uno de los mayores \u00e9xitos que ha vivido la cartelera catalana ... Llegeix m\u00e9s"}

Gran Éxito de El Padre en Madrid - Focus

<blockquote class="wp-embedded-content" data-secret="OEjmwcLY2r"><a href="https://www.focus.cat/es/gran-exito-de-el-padre-en-madrid/">Gran Éxito de El Padre en Madrid</a></blockquote><iframe sandbox="allow-scripts" security="restricted" src="https://www.focus.cat/es/gran-exito-de-el-padre-en-madrid/embed/#?secret=OEjmwcLY2r" width="600" height="338" title="&#8220;Gran Éxito de El Padre en Madrid&#8221; &#8212; Focus" data-secret="OEjmwcLY2r" frameborder="0" marginwidth="0" marginheight="0" scrolling="no" class="wp-embedded-content"></iframe><script type="text/javascript">
/* <![CDATA[ */
/*! This file is auto-generated */
!function(d,l){"use strict";l.querySelector&&d.addEventListener&&"undefined"!=typeof URL&&(d.wp=d.wp||{},d.wp.receiveEmbedMessage||(d.wp.receiveEmbedMessage=function(e){var t=e.data;if((t||t.secret||t.message||t.value)&&!/[^a-zA-Z0-9]/.test(t.secret)){for(var s,r,n,a=l.querySelectorAll('iframe[data-secret="'+t.secret+'"]'),o=l.querySelectorAll('blockquote[data-secret="'+t.secret+'"]'),c=new RegExp("^https?:$","i"),i=0;i<o.length;i++)o[i].style.display="none";for(i=0;i<a.length;i++)s=a[i],e.source===s.contentWindow&&(s.removeAttribute("style"),"height"===t.message?(1e3<(r=parseInt(t.value,10))?r=1e3:~~r<200&&(r=200),s.height=r):"link"===t.message&&(r=new URL(s.getAttribute("src")),n=new URL(t.value),c.test(n.protocol))&&n.host===r.host&&l.activeElement===s&&(d.top.location.href=t.value))}},d.addEventListener("message",d.wp.receiveEmbedMessage,!1),l.addEventListener("DOMContentLoaded",function(){for(var e,t,s=l.querySelectorAll("iframe.wp-embedded-content"),r=0;r<s.length;r++)(t=(e=s[r]).getAttribute("data-secret"))||(t=Math.random().toString(36).substring(2,12),e.src+="#?secret="+t,e.setAttribute("data-secret",t)),e.contentWindow.postMessage({message:"ready",secret:t},"*")},!1)))}(window,document);
//# sourceURL=https://www.focus.cat/wp-includes/js/wp-embed.min.js
/* ]]> */
</script>

Después de haber permanecido en diferentes ciudades de España como Bilbao, Valencia o La Coruña, entre otros, El padre ha llegado a Madrid y su éxito ha sido fulgurante. La obra, protagonizada por José María Pou, es la versión en castellano de El pare, uno de los mayores éxitos que ha vivido la cartelera catalana ... Llegeix més
