{"version":"1.0","provider_name":"Focus","provider_url":"https:\/\/www.focus.cat\/es\/","title":"La Gram\u00e1tica agota todas las localidades a Madrid - Focus","type":"rich","width":600,"height":338,"html":"<blockquote class=\"wp-embedded-content\" data-secret=\"m2FAXARP52\"><a href=\"https:\/\/www.focus.cat\/es\/la-gramatica-agota-todas-las-localidades-a-madrid\/\">La Gram\u00e1tica agota todas las localidades a Madrid<\/a><\/blockquote><iframe sandbox=\"allow-scripts\" security=\"restricted\" src=\"https:\/\/www.focus.cat\/es\/la-gramatica-agota-todas-las-localidades-a-madrid\/embed\/#?secret=m2FAXARP52\" width=\"600\" height=\"338\" title=\"&#8220;La Gram\u00e1tica agota todas las localidades a Madrid&#8221; &#8212; Focus\" data-secret=\"m2FAXARP52\" frameborder=\"0\" marginwidth=\"0\" marginheight=\"0\" scrolling=\"no\" class=\"wp-embedded-content\"><\/iframe><script type=\"text\/javascript\">\n\/* <![CDATA[ *\/\n\/*! This file is auto-generated *\/\n!function(d,l){\"use strict\";l.querySelector&&d.addEventListener&&\"undefined\"!=typeof URL&&(d.wp=d.wp||{},d.wp.receiveEmbedMessage||(d.wp.receiveEmbedMessage=function(e){var t=e.data;if((t||t.secret||t.message||t.value)&&!\/[^a-zA-Z0-9]\/.test(t.secret)){for(var s,r,n,a=l.querySelectorAll('iframe[data-secret=\"'+t.secret+'\"]'),o=l.querySelectorAll('blockquote[data-secret=\"'+t.secret+'\"]'),c=new RegExp(\"^https?:$\",\"i\"),i=0;i<o.length;i++)o[i].style.display=\"none\";for(i=0;i<a.length;i++)s=a[i],e.source===s.contentWindow&&(s.removeAttribute(\"style\"),\"height\"===t.message?(1e3<(r=parseInt(t.value,10))?r=1e3:~~r<200&&(r=200),s.height=r):\"link\"===t.message&&(r=new URL(s.getAttribute(\"src\")),n=new URL(t.value),c.test(n.protocol))&&n.host===r.host&&l.activeElement===s&&(d.top.location.href=t.value))}},d.addEventListener(\"message\",d.wp.receiveEmbedMessage,!1),l.addEventListener(\"DOMContentLoaded\",function(){for(var e,t,s=l.querySelectorAll(\"iframe.wp-embedded-content\"),r=0;r<s.length;r++)(t=(e=s[r]).getAttribute(\"data-secret\"))||(t=Math.random().toString(36).substring(2,12),e.src+=\"#?secret=\"+t,e.setAttribute(\"data-secret\",t)),e.contentWindow.postMessage({message:\"ready\",secret:t},\"*\")},!1)))}(window,document);\n\/\/# sourceURL=https:\/\/www.focus.cat\/wp-includes\/js\/wp-embed.min.js\n\/* ]]> *\/\n<\/script>\n","thumbnail_url":"https:\/\/www.focus.cat\/wp-content\/uploads\/2024\/12\/14_Quadrat_1080x1080.jpg","thumbnail_width":1080,"thumbnail_height":1080,"description":"La Gram\u00e1tica, la nueva producci\u00f3n de Focus, escrita y dirigida por Ernesto Caballero y protagonizada por Mar\u00eda Ad\u00e1nez y Jos\u00e9 Troncoso, ha agotado todas las localidades para las funciones en la Nave 10 de Matadero Madrid. Al \u00e9xito de p\u00fablico se suma la aclamaci\u00f3n de la cr\u00edtica, que ha elogiado tanto la direcci\u00f3n y el ... Llegeix m\u00e9s"}

La Gramática agota todas las localidades a Madrid - Focus

<blockquote class="wp-embedded-content" data-secret="m2FAXARP52"><a href="https://www.focus.cat/es/la-gramatica-agota-todas-las-localidades-a-madrid/">La Gramática agota todas las localidades a Madrid</a></blockquote><iframe sandbox="allow-scripts" security="restricted" src="https://www.focus.cat/es/la-gramatica-agota-todas-las-localidades-a-madrid/embed/#?secret=m2FAXARP52" width="600" height="338" title="&#8220;La Gramática agota todas las localidades a Madrid&#8221; &#8212; Focus" data-secret="m2FAXARP52" frameborder="0" marginwidth="0" marginheight="0" scrolling="no" class="wp-embedded-content"></iframe><script type="text/javascript">
/* <![CDATA[ */
/*! This file is auto-generated */
!function(d,l){"use strict";l.querySelector&&d.addEventListener&&"undefined"!=typeof URL&&(d.wp=d.wp||{},d.wp.receiveEmbedMessage||(d.wp.receiveEmbedMessage=function(e){var t=e.data;if((t||t.secret||t.message||t.value)&&!/[^a-zA-Z0-9]/.test(t.secret)){for(var s,r,n,a=l.querySelectorAll('iframe[data-secret="'+t.secret+'"]'),o=l.querySelectorAll('blockquote[data-secret="'+t.secret+'"]'),c=new RegExp("^https?:$","i"),i=0;i<o.length;i++)o[i].style.display="none";for(i=0;i<a.length;i++)s=a[i],e.source===s.contentWindow&&(s.removeAttribute("style"),"height"===t.message?(1e3<(r=parseInt(t.value,10))?r=1e3:~~r<200&&(r=200),s.height=r):"link"===t.message&&(r=new URL(s.getAttribute("src")),n=new URL(t.value),c.test(n.protocol))&&n.host===r.host&&l.activeElement===s&&(d.top.location.href=t.value))}},d.addEventListener("message",d.wp.receiveEmbedMessage,!1),l.addEventListener("DOMContentLoaded",function(){for(var e,t,s=l.querySelectorAll("iframe.wp-embedded-content"),r=0;r<s.length;r++)(t=(e=s[r]).getAttribute("data-secret"))||(t=Math.random().toString(36).substring(2,12),e.src+="#?secret="+t,e.setAttribute("data-secret",t)),e.contentWindow.postMessage({message:"ready",secret:t},"*")},!1)))}(window,document);
//# sourceURL=https://www.focus.cat/wp-includes/js/wp-embed.min.js
/* ]]> */
</script>

La Gramática, la nueva producción de Focus, escrita y dirigida por Ernesto Caballero y protagonizada por María Adánez y José Troncoso, ha agotado todas las localidades para las funciones en la Nave 10 de Matadero Madrid. Al éxito de público se suma la aclamación de la crítica, que ha elogiado tanto la dirección y el ... Llegeix més
