{"id":10588,"date":"2022-11-21T09:18:39","date_gmt":"2022-11-21T09:18:39","guid":{"rendered":"https:\/\/www.focus.cat\/ex\/solo-llame-para-decirte-que-te-amo-2\/"},"modified":"2022-12-30T11:03:16","modified_gmt":"2022-12-30T11:03:16","slug":"solo-llame-para-decirte-que-te-amo","status":"publish","type":"ex","link":"https:\/\/www.focus.cat\/es\/ex\/solo-llame-para-decirte-que-te-amo\/","title":{"rendered":"S\u00f3lo llam\u00e9 para decirte que te amo"},"content":{"rendered":"","protected":false},"excerpt":{"rendered":"","protected":false},"author":5,"featured_media":0,"comment_status":"closed","ping_status":"closed","template":"","location":[],"class_list":["post-10588","ex","type-ex","status-publish","hentry"],"acf":{"txt_synopsis":"<br \/>Patricia vive con sus hijos mellizos, su madre, su hermana y la novia de uno de sus hijos. Ella lleva la casa adelante, tiene en soledad ese peso sobre sus hombros.<br \/>Hoy recibir\u00e1 una llamada que cambiar\u00e1 su vida para siempre.<br \/>","main_buy_link":"","main_buy_links":"","show_language":"Espect\u00e1culo en castellano","show_duration":"70","txt_genre":"TEATRE","show_start_date":"20221002000000","show_end_date":"20221127000000","show_sort_date":"20221002000000","txt_custom_show_dates":"del 2 de octubre al 27 de noviembre de 2022 ","txt_additional_info":"","txt_present":"","txt_season":"[\"2022\/23\"]","txt_cycle":"","txt_claim":"Patricia vive con sus hijos mellizos, su madre, su hermana y la novia de<br \/>uno de sus hijos. Ella lleva la casa adelante, tiene en soledad ese peso<br \/>sobre sus hombros.","txt_cast_excerpt":"","txt_cast":"<p>Dramaturgia y Direcci\u00f3n: <strong>Nelson Valente<\/strong> <br \/>M\u00fasica: <strong>Ignacio G\u00f3mez Bustamante\/Silvina Aspiazu<\/strong><\/p>\r\n<p>Elenco:<br \/>Patricia- <strong>Mayra Homar<\/strong><br \/>Camila- <strong>Julia Dorto<\/strong><br \/>Maricel- <strong>Roser Batalla<\/strong><br \/>Abuela <strong>Toti- Silvia Villazur<\/strong><br \/>H\u00e9rnan-<strong> Guido Botto Fiora \/ Ramiro Delgado<\/strong><br \/>Juan Cruz- <strong>Gonzalo Saenz<\/strong><br \/>Quico- <strong>Juan Pablo Kexel<\/strong> <\/p>\r\n<p>M\u00fasica: <strong>Silvina Aspiazu \/ Ignacio G\u00f3mez Bustamante<\/strong><\/p>\r\n<p>Producci\u00f3n Ejecutiva: <strong>Jimena Morrone<\/strong><br \/>Asistencia de Direcci\u00f3n: <strong>Ronald Manuel Garc\u00eda Berrio<\/strong><br \/>Fotograf\u00eda: <strong>Leonardo Minotti\/Laura Castro\/Mariana Fossatti<\/strong><br \/>Dise\u00f1o Gr\u00e1fico: <strong>Sebasti\u00e1n Carzino\/Gabriel Beck<\/strong><\/p>\r\n<p>Una producci\u00f3n de <strong>UPA ARTE QUE SORPRENDE<\/strong> <br \/><\/p>","txt_reviews":"","hashtag":"\rS\u00f3loLlam\u00e9Off","have_promo":"","slogan":"","id_exhibicio":1930,"id_versio":1471,"id_local":4,"txt_seo_desc":"S\u00f3lo llam\u00e9 para decirte que te amo, un espect\u00e1culo de Nelson Valente, protagonizada por Mayra Homar, Roser Batalla, Julia Dorto, Lide Uranga, Ramiro Delgado, Gonzalo Saenz, Juan Pablo Kexel, a La Villarroel de Barcelona.","data_images":"[{\"localizer\":\"V3SLIDE\",\"url\":\"media\/ftgalslide\/v3\/3157B\/01_086_00051565\/fitt.jpg\",\"thumb_url\":\"media\/ftgalslide\/v3\/3157B\/01_086_00051565\/fitt_thumb.jpg\",\"title\":\"S\u00f3lo llam\u00e9 para decirte que te amo - Teatre La Villarroel\",\"description\":\"solo llame para decirte que te amo a la villarroel de barcelona\",\"copyright\":\"\",\"order\":3},{\"localizer\":\"V3CARTELL\",\"url\":\"media\/ver\/cartell\/v3\/315DF\/01_085_00054367\/cartell-web-solo-llame-para-decirte-te-amo-off-la-villarroel-teatre.jpg\",\"thumb_url\":\"media\/ver\/cartell\/v3\/315DF\/01_085_00054367\/cartell-web-solo-llame-para-decirte-te-amo-off-la-villarroel-teatre_thumb.jpg\",\"title\":\"S\u00f3lo llam\u00e9 para decirte que te amo - La Villarroel\",\"description\":\"solo llame para decirte que te amo a la villarroel de barcelona\",\"copyright\":\"\",\"order\":6},{\"localizer\":\"V3SLIDE\",\"url\":\"media\/ftgalslide\/v3\/315E0\/01_086_00054509\/Copia_de_SoloLlame130.JPG\",\"thumb_url\":\"media\/ftgalslide\/v3\/315E0\/01_086_00054509\/Copia_de_SoloLlame130_thumb.jpg\",\"title\":\"S\u00f3lo llam\u00e9 para decirte que te amo - La Villarroel\",\"description\":\"solo llame para decirte que te amo a la villarroel de barcelona\",\"copyright\":\"\",\"order\":7},{\"localizer\":\"V3SLIDE\",\"url\":\"media\/ftgalslide\/v3\/315E0\/01_086_00054510\/FOTO_LEONARDO_MINOTTI.jpg\",\"thumb_url\":\"media\/ftgalslide\/v3\/315E0\/01_086_00054510\/FOTO_LEONARDO_MINOTTI_thumb.jpg\",\"title\":\"S\u00f3lo llam\u00e9 para decirte que te amo - La Villarroel\",\"description\":\"solo llame para decirte que te amo a la villarroel de barcelona\",\"copyright\":\"\",\"order\":8},{\"localizer\":\"V3SLIDE\",\"url\":\"media\/ftgalslide\/v3\/315E0\/01_086_00054511\/FOTO_LEONARDO_MINOTTI_1.jpg\",\"thumb_url\":\"media\/ftgalslide\/v3\/315E0\/01_086_00054511\/FOTO_LEONARDO_MINOTTI_1_thumb.jpg\",\"title\":\"S\u00f3lo llam\u00e9 para decirte que te amo - La Villarroel\",\"description\":\"solo llame para decirte que te amo a la villarroel de barcelona\",\"copyright\":\"\",\"order\":9},{\"localizer\":\"V3PORTADA\",\"url\":\"media\/ver\/port\/v3\/315E3\/01_084_00055173\/1-SOLO-LLAME-PARA-DECIRTE-QUE-TE-AMO-LA-VILLARROEL-BF.jpg\",\"thumb_url\":\"media\/ver\/port\/v3\/315E3\/01_084_00055173\/1-SOLO-LLAME-PARA-DECIRTE-QUE-TE-AMO-LA-VILLARROEL-BF_thumb.jpg\",\"title\":\"S\u00f3lo llam\u00e9 para decirte que te amo - La Villarroel\",\"description\":\"solo llame para decirte que te amo a la villarroel de barcelona\",\"copyright\":\"\",\"order\":10}]","material__texto_intro":"","data_material":null,"data_gallery":"","data_discounts":"[]","contract_is_open":false,"in_tour":false,"foreign_production":true,"tour_end_date":"00010101000000"},"yoast_head":"<!-- This site is optimized with the Yoast SEO plugin v27.4 - https:\/\/yoast.com\/product\/yoast-seo-wordpress\/ -->\n<title>S\u00f3lo llam\u00e9 para decirte que te amo - Focus<\/title>\n<meta name=\"robots\" content=\"index, follow, max-snippet:-1, max-image-preview:large, max-video-preview:-1\" \/>\n<link rel=\"canonical\" href=\"https:\/\/www.focus.cat\/ex\/solo-llame-para-decirte-que-te-amo\/\" \/>\n<meta property=\"og:locale\" content=\"ca_ES\" \/>\n<meta property=\"og:type\" content=\"article\" \/>\n<meta property=\"og:title\" content=\"S\u00f3lo llam\u00e9 para decirte que te amo - Focus\" \/>\n<meta property=\"og:url\" content=\"https:\/\/www.focus.cat\/es\/ex\/solo-llame-para-decirte-que-te-amo\/\" \/>\n<meta property=\"og:site_name\" content=\"Focus\" \/>\n<meta property=\"article:modified_time\" content=\"2022-12-30T11:03:16+00:00\" \/>\n<meta name=\"twitter:card\" content=\"summary_large_image\" \/>\n<script type=\"application\/ld+json\" class=\"yoast-schema-graph\">{\"@context\":\"https:\\\/\\\/schema.org\",\"@graph\":[{\"@type\":\"WebPage\",\"@id\":\"https:\\\/\\\/www.focus.cat\\\/es\\\/ex\\\/solo-llame-para-decirte-que-te-amo\\\/\",\"url\":\"https:\\\/\\\/www.focus.cat\\\/es\\\/ex\\\/solo-llame-para-decirte-que-te-amo\\\/\",\"name\":\"S\u00f3lo llam\u00e9 para decirte que te amo - Focus\",\"isPartOf\":{\"@id\":\"https:\\\/\\\/www.focus.cat\\\/#website\"},\"datePublished\":\"2022-11-21T09:18:39+00:00\",\"dateModified\":\"2022-12-30T11:03:16+00:00\",\"breadcrumb\":{\"@id\":\"https:\\\/\\\/www.focus.cat\\\/es\\\/ex\\\/solo-llame-para-decirte-que-te-amo\\\/#breadcrumb\"},\"inLanguage\":\"ca\",\"potentialAction\":[{\"@type\":\"ReadAction\",\"target\":[\"https:\\\/\\\/www.focus.cat\\\/es\\\/ex\\\/solo-llame-para-decirte-que-te-amo\\\/\"]}]},{\"@type\":\"BreadcrumbList\",\"@id\":\"https:\\\/\\\/www.focus.cat\\\/es\\\/ex\\\/solo-llame-para-decirte-que-te-amo\\\/#breadcrumb\",\"itemListElement\":[{\"@type\":\"ListItem\",\"position\":1,\"name\":\"Espectacles\",\"item\":\"https:\\\/\\\/www.focus.cat\\\/ex\\\/\"},{\"@type\":\"ListItem\",\"position\":2,\"name\":\"S\u00f3lo llam\u00e9 para decirte que te amo\"}]},{\"@type\":\"WebSite\",\"@id\":\"https:\\\/\\\/www.focus.cat\\\/#website\",\"url\":\"https:\\\/\\\/www.focus.cat\\\/\",\"name\":\"Focus\",\"description\":\"\",\"publisher\":{\"@id\":\"https:\\\/\\\/www.focus.cat\\\/#organization\"},\"potentialAction\":[{\"@type\":\"SearchAction\",\"target\":{\"@type\":\"EntryPoint\",\"urlTemplate\":\"https:\\\/\\\/www.focus.cat\\\/?s={search_term_string}\"},\"query-input\":{\"@type\":\"PropertyValueSpecification\",\"valueRequired\":true,\"valueName\":\"search_term_string\"}}],\"inLanguage\":\"ca\"},{\"@type\":\"Organization\",\"@id\":\"https:\\\/\\\/www.focus.cat\\\/#organization\",\"name\":\"Focus\",\"url\":\"https:\\\/\\\/www.focus.cat\\\/\",\"logo\":{\"@type\":\"ImageObject\",\"inLanguage\":\"ca\",\"@id\":\"https:\\\/\\\/www.focus.cat\\\/#\\\/schema\\\/logo\\\/image\\\/\",\"url\":\"https:\\\/\\\/www.focus.cat\\\/wp-content\\\/uploads\\\/2022\\\/01\\\/logo-focus-any-35.svg\",\"contentUrl\":\"https:\\\/\\\/www.focus.cat\\\/wp-content\\\/uploads\\\/2022\\\/01\\\/logo-focus-any-35.svg\",\"width\":1,\"height\":1,\"caption\":\"Focus\"},\"image\":{\"@id\":\"https:\\\/\\\/www.focus.cat\\\/#\\\/schema\\\/logo\\\/image\\\/\"}}]}<\/script>\n<!-- \/ Yoast SEO plugin. -->","yoast_head_json":{"title":"S\u00f3lo llam\u00e9 para decirte que te amo - Focus","robots":{"index":"index","follow":"follow","max-snippet":"max-snippet:-1","max-image-preview":"max-image-preview:large","max-video-preview":"max-video-preview:-1"},"canonical":"https:\/\/www.focus.cat\/ex\/solo-llame-para-decirte-que-te-amo\/","og_locale":"ca_ES","og_type":"article","og_title":"S\u00f3lo llam\u00e9 para decirte que te amo - Focus","og_url":"https:\/\/www.focus.cat\/es\/ex\/solo-llame-para-decirte-que-te-amo\/","og_site_name":"Focus","article_modified_time":"2022-12-30T11:03:16+00:00","twitter_card":"summary_large_image","schema":{"@context":"https:\/\/schema.org","@graph":[{"@type":"WebPage","@id":"https:\/\/www.focus.cat\/es\/ex\/solo-llame-para-decirte-que-te-amo\/","url":"https:\/\/www.focus.cat\/es\/ex\/solo-llame-para-decirte-que-te-amo\/","name":"S\u00f3lo llam\u00e9 para decirte que te amo - Focus","isPartOf":{"@id":"https:\/\/www.focus.cat\/#website"},"datePublished":"2022-11-21T09:18:39+00:00","dateModified":"2022-12-30T11:03:16+00:00","breadcrumb":{"@id":"https:\/\/www.focus.cat\/es\/ex\/solo-llame-para-decirte-que-te-amo\/#breadcrumb"},"inLanguage":"ca","potentialAction":[{"@type":"ReadAction","target":["https:\/\/www.focus.cat\/es\/ex\/solo-llame-para-decirte-que-te-amo\/"]}]},{"@type":"BreadcrumbList","@id":"https:\/\/www.focus.cat\/es\/ex\/solo-llame-para-decirte-que-te-amo\/#breadcrumb","itemListElement":[{"@type":"ListItem","position":1,"name":"Espectacles","item":"https:\/\/www.focus.cat\/ex\/"},{"@type":"ListItem","position":2,"name":"S\u00f3lo llam\u00e9 para decirte que te amo"}]},{"@type":"WebSite","@id":"https:\/\/www.focus.cat\/#website","url":"https:\/\/www.focus.cat\/","name":"Focus","description":"","publisher":{"@id":"https:\/\/www.focus.cat\/#organization"},"potentialAction":[{"@type":"SearchAction","target":{"@type":"EntryPoint","urlTemplate":"https:\/\/www.focus.cat\/?s={search_term_string}"},"query-input":{"@type":"PropertyValueSpecification","valueRequired":true,"valueName":"search_term_string"}}],"inLanguage":"ca"},{"@type":"Organization","@id":"https:\/\/www.focus.cat\/#organization","name":"Focus","url":"https:\/\/www.focus.cat\/","logo":{"@type":"ImageObject","inLanguage":"ca","@id":"https:\/\/www.focus.cat\/#\/schema\/logo\/image\/","url":"https:\/\/www.focus.cat\/wp-content\/uploads\/2022\/01\/logo-focus-any-35.svg","contentUrl":"https:\/\/www.focus.cat\/wp-content\/uploads\/2022\/01\/logo-focus-any-35.svg","width":1,"height":1,"caption":"Focus"},"image":{"@id":"https:\/\/www.focus.cat\/#\/schema\/logo\/image\/"}}]}},"translations":[{"id":10587,"locale":"ca"},{"id":10588,"locale":"es"},{"id":10589,"locale":"en"}],"_links":{"self":[{"href":"https:\/\/www.focus.cat\/wp-json\/wp\/v2\/ex\/10588","targetHints":{"allow":["GET"]}}],"collection":[{"href":"https:\/\/www.focus.cat\/wp-json\/wp\/v2\/ex"}],"about":[{"href":"https:\/\/www.focus.cat\/wp-json\/wp\/v2\/types\/ex"}],"author":[{"embeddable":true,"href":"https:\/\/www.focus.cat\/wp-json\/wp\/v2\/users\/5"}],"replies":[{"embeddable":true,"href":"https:\/\/www.focus.cat\/wp-json\/wp\/v2\/comments?post=10588"}],"wp:attachment":[{"href":"https:\/\/www.focus.cat\/wp-json\/wp\/v2\/media?parent=10588"}],"wp:term":[{"taxonomy":"location","embeddable":true,"href":"https:\/\/www.focus.cat\/wp-json\/wp\/v2\/location?post=10588"}],"curies":[{"name":"wp","href":"https:\/\/api.w.org\/{rel}","templated":true}]}}

Sólo llamé para decirte que te amo

<br />Patricia vive con sus hijos mellizos, su madre, su hermana y la novia de uno de sus hijos. Ella lleva la casa adelante, tiene en soledad ese peso sobre sus hombros.<br />Hoy recibirá una llamada que cambiará su vida para siempre.<br />

Espectáculo en castellano

<p>Dramaturgia y Dirección: <strong>Nelson Valente</strong> <br />Música: <strong>Ignacio Gómez Bustamante/Silvina Aspiazu</strong></p>
<p>Elenco:<br />Patricia- <strong>Mayra Homar</strong><br />Camila- <strong>Julia Dorto</strong><br />Maricel- <strong>Roser Batalla</strong><br />Abuela <strong>Toti- Silvia Villazur</strong><br />Hérnan-<strong> Guido Botto Fiora / Ramiro Delgado</strong><br />Juan Cruz- <strong>Gonzalo Saenz</strong><br />Quico- <strong>Juan Pablo Kexel</strong> </p>
<p>Música: <strong>Silvina Aspiazu / Ignacio Gómez Bustamante</strong></p>
<p>Producción Ejecutiva: <strong>Jimena Morrone</strong><br />Asistencia de Dirección: <strong>Ronald Manuel García Berrio</strong><br />Fotografía: <strong>Leonardo Minotti/Laura Castro/Mariana Fossatti</strong><br />Diseño Gráfico: <strong>Sebastián Carzino/Gabriel Beck</strong></p>
<p>Una producción de <strong>UPA ARTE QUE SORPRENDE</strong> <br /></p>

SóloLlaméOff

Sólo llamé para decirte que te amo, un espectáculo de Nelson Valente, protagonizada por Mayra Homar, Roser Batalla, Julia Dorto, Lide Uranga, Ramiro Delgado, Gonzalo Saenz, Juan Pablo Kexel, a La Villarroel de Barcelona.

[{"localizer":"V3SLIDE","url":"media/ftgalslide/v3/3157B/01_086_00051565/fitt.jpg","thumb_url":"media/ftgalslide/v3/3157B/01_086_00051565/fitt_thumb.jpg","title":"Sólo llamé para decirte que te amo - Teatre La Villarroel","description":"solo llame para decirte que te amo a la villarroel de barcelona","copyright":"","order":3},{"localizer":"V3CARTELL","url":"media/ver/cartell/v3/315DF/01_085_00054367/cartell-web-solo-llame-para-decirte-te-amo-off-la-villarroel-teatre.jpg","thumb_url":"media/ver/cartell/v3/315DF/01_085_00054367/cartell-web-solo-llame-para-decirte-te-amo-off-la-villarroel-teatre_thumb.jpg","title":"Sólo llamé para decirte que te amo - La Villarroel","description":"solo llame para decirte que te amo a la villarroel de barcelona","copyright":"","order":6},{"localizer":"V3SLIDE","url":"media/ftgalslide/v3/315E0/01_086_00054509/Copia_de_SoloLlame130.JPG","thumb_url":"media/ftgalslide/v3/315E0/01_086_00054509/Copia_de_SoloLlame130_thumb.jpg","title":"Sólo llamé para decirte que te amo - La Villarroel","description":"solo llame para decirte que te amo a la villarroel de barcelona","copyright":"","order":7},{"localizer":"V3SLIDE","url":"media/ftgalslide/v3/315E0/01_086_00054510/FOTO_LEONARDO_MINOTTI.jpg","thumb_url":"media/ftgalslide/v3/315E0/01_086_00054510/FOTO_LEONARDO_MINOTTI_thumb.jpg","title":"Sólo llamé para decirte que te amo - La Villarroel","description":"solo llame para decirte que te amo a la villarroel de barcelona","copyright":"","order":8},{"localizer":"V3SLIDE","url":"media/ftgalslide/v3/315E0/01_086_00054511/FOTO_LEONARDO_MINOTTI_1.jpg","thumb_url":"media/ftgalslide/v3/315E0/01_086_00054511/FOTO_LEONARDO_MINOTTI_1_thumb.jpg","title":"Sólo llamé para decirte que te amo - La Villarroel","description":"solo llame para decirte que te amo a la villarroel de barcelona","copyright":"","order":9},{"localizer":"V3PORTADA","url":"media/ver/port/v3/315E3/01_084_00055173/1-SOLO-LLAME-PARA-DECIRTE-QUE-TE-AMO-LA-VILLARROEL-BF.jpg","thumb_url":"media/ver/port/v3/315E3/01_084_00055173/1-SOLO-LLAME-PARA-DECIRTE-QUE-TE-AMO-LA-VILLARROEL-BF_thumb.jpg","title":"Sólo llamé para decirte que te amo - La Villarroel","description":"solo llame para decirte que te amo a la villarroel de barcelona","copyright":"","order":10}]

<!-- This site is optimized with the Yoast SEO plugin v27.4 - https://yoast.com/product/yoast-seo-wordpress/ -->
<title>Sólo llamé para decirte que te amo - Focus</title>
<meta name="robots" content="index, follow, max-snippet:-1, max-image-preview:large, max-video-preview:-1" />
<link rel="canonical" href="https://www.focus.cat/ex/solo-llame-para-decirte-que-te-amo/" />
<meta property="og:locale" content="ca_ES" />
<meta property="og:type" content="article" />
<meta property="og:title" content="Sólo llamé para decirte que te amo - Focus" />
<meta property="og:url" content="https://www.focus.cat/es/ex/solo-llame-para-decirte-que-te-amo/" />
<meta property="og:site_name" content="Focus" />
<meta property="article:modified_time" content="2022-12-30T11:03:16+00:00" />
<meta name="twitter:card" content="summary_large_image" />
<script type="application/ld+json" class="yoast-schema-graph">{"@context":"https:\/\/schema.org","@graph":[{"@type":"WebPage","@id":"https:\/\/www.focus.cat\/es\/ex\/solo-llame-para-decirte-que-te-amo\/","url":"https:\/\/www.focus.cat\/es\/ex\/solo-llame-para-decirte-que-te-amo\/","name":"Sólo llamé para decirte que te amo - Focus","isPartOf":{"@id":"https:\/\/www.focus.cat\/#website"},"datePublished":"2022-11-21T09:18:39+00:00","dateModified":"2022-12-30T11:03:16+00:00","breadcrumb":{"@id":"https:\/\/www.focus.cat\/es\/ex\/solo-llame-para-decirte-que-te-amo\/#breadcrumb"},"inLanguage":"ca","potentialAction":[{"@type":"ReadAction","target":["https:\/\/www.focus.cat\/es\/ex\/solo-llame-para-decirte-que-te-amo\/"]}]},{"@type":"BreadcrumbList","@id":"https:\/\/www.focus.cat\/es\/ex\/solo-llame-para-decirte-que-te-amo\/#breadcrumb","itemListElement":[{"@type":"ListItem","position":1,"name":"Espectacles","item":"https:\/\/www.focus.cat\/ex\/"},{"@type":"ListItem","position":2,"name":"Sólo llamé para decirte que te amo"}]},{"@type":"WebSite","@id":"https:\/\/www.focus.cat\/#website","url":"https:\/\/www.focus.cat\/","name":"Focus","description":"","publisher":{"@id":"https:\/\/www.focus.cat\/#organization"},"potentialAction":[{"@type":"SearchAction","target":{"@type":"EntryPoint","urlTemplate":"https:\/\/www.focus.cat\/?s={search_term_string}"},"query-input":{"@type":"PropertyValueSpecification","valueRequired":true,"valueName":"search_term_string"}}],"inLanguage":"ca"},{"@type":"Organization","@id":"https:\/\/www.focus.cat\/#organization","name":"Focus","url":"https:\/\/www.focus.cat\/","logo":{"@type":"ImageObject","inLanguage":"ca","@id":"https:\/\/www.focus.cat\/#\/schema\/logo\/image\/","url":"https:\/\/www.focus.cat\/wp-content\/uploads\/2022\/01\/logo-focus-any-35.svg","contentUrl":"https:\/\/www.focus.cat\/wp-content\/uploads\/2022\/01\/logo-focus-any-35.svg","width":1,"height":1,"caption":"Focus"},"image":{"@id":"https:\/\/www.focus.cat\/#\/schema\/logo\/image\/"}}]}</script>
<!-- / Yoast SEO plugin. -->

Sólo llamé para decirte que te amo - Focus
