{"id":23880,"date":"2025-07-04T11:44:50","date_gmt":"2025-07-04T11:44:50","guid":{"rendered":"https:\/\/www.focus.cat\/?post_type=ex&#038;p=23880"},"modified":"2026-04-17T10:40:40","modified_gmt":"2026-04-17T08:40:40","slug":"memorias-de-adriano","status":"publish","type":"ex","link":"https:\/\/www.focus.cat\/es\/ex\/memorias-de-adriano\/","title":{"rendered":"Memorias de Adriano"},"content":{"rendered":"","protected":false},"excerpt":{"rendered":"","protected":false},"author":5,"featured_media":0,"comment_status":"closed","ping_status":"closed","template":"","location":[26],"class_list":["post-23880","ex","type-ex","status-publish","hentry","location-home"],"acf":{"txt_synopsis":"<p><strong>Llu\u00eds Homar protagoniza la adaptaci\u00f3n esc\u00e9nica de la novela clave de Marguerite Yourcenar.<\/strong><\/p><p><\/p><p><strong>Llu\u00eds Homar<\/strong> es Adriano, un mandatario que, seg\u00fan el texto, es tan sabio y magn\u00edfico como ciego y contradictorio.<\/p><p>Basado en <em>M\u00e9moires d&#39;Hadrien<\/em> de Marguerite Yourcenar, <em>Memorias de Adriano<\/em> es un espect\u00e1culo teatral que representa, al mismo tiempo, una emocionante pel\u00edcula de romanos y el relato \u00edntimo de un hombre que dialoga con su historia, con la Historia. Un testimonio en primera persona de la vida del emperador romano nacido en Hispania.<\/p>","main_buy_link":"","main_buy_links":"[\"\"]","show_language":"Espect\u00e1culo en castellano","show_duration":"","txt_genre":"TEATRO","show_start_date":"20250901000000","show_end_date":"20260831000000","show_sort_date":"20250901000000","txt_custom_show_dates":"","txt_additional_info":"<ul><li>Recomendado a partir de 16 a\u00f1os<\/li><li>Funci\u00f3n accesible: 25 de abril a las 17.30 h. <\/li><li>La funci\u00f3n contar\u00e1 con:<ul><li>Subtitulado adaptado<\/li><li>Audiodescripci\u00f3n<\/li><li>Bucle magn\u00e9tico y sonido amplificado.<\/li><\/ul><\/li><\/ul><p><\/p><p><\/p><p><\/p><p> <\/p>","txt_present":"","txt_season":"[]","txt_cycle":"","txt_claim":"Llu\u00eds Homar protagoniza la adaptaci\u00f3n esc\u00e9nica de la novela clave de Marguerite Yourcenar.","txt_cast_excerpt":"","txt_cast":"","txt_reviews":"Ra\u00fal Los\u00e1nez|La Raz\u00f3n|\u201cUn texto excelente, una muy buena direcci\u00f3n y un gran actor\u201d \r\nRaquel Vidales|El Pa\u00eds|\u201cLlu\u00eds Homar despliega sus mejores dotes interpretativas\u201d \r\nPablo Caruana H\u00fader|ElDiario.es|\u201cUna verdadera lecci\u00f3n de actuaci\u00f3n. Es un placer ver a Homar trabajar y contemplar c\u00f3mo va meti\u00e9ndose en el texto poco a poco, en la cadencia y el eco de unas palabras que vienen de otro tiempo\u201d","hashtag":"","have_promo":"","slogan":"","id_exhibicio":2277,"id_versio":1796,"id_local":74,"txt_seo_desc":"","data_images":"[{\"localizer\":\"V3CARTELL\",\"url\":\"media\/ver\/cartell\/v3\/3170E\/01_085_00059405\/5-Cartell_web_Focus_722x1030hermafrodite_3.jpg\",\"thumb_url\":\"media\/ver\/cartell\/v3\/3170E\/01_085_00059405\/5-Cartell_web_Focus_722x1030hermafrodite_3.jpg\",\"title\":\"Memorias de Adriano - Teatre Romea\",\"description\":\"memorias de adriano al teatre romea\",\"copyright\":\"\",\"order\":13},{\"localizer\":\"V4CARTELL\",\"url\":\"media\/ver\/cartell\/v4\/3170E\/01_089_00059404\/4-Cartell_web_720x1100hermafrodite_3.jpg\",\"thumb_url\":\"media\/ver\/cartell\/v4\/3170E\/01_089_00059404\/4-Cartell_web_720x1100hermafrodite_3.jpg\",\"title\":\"Memorias de Adriano - Teatre Romea\",\"description\":\"memorias de adriano al teatre romea\",\"copyright\":\"\",\"order\":12},{\"localizer\":\"V4PORTADA\",\"url\":\"media\/ver\/port\/v4\/3170D\/01_090_00059219\/PORTADA_1MEMORIASdeAd.jpg\",\"thumb_url\":\"media\/ver\/port\/v4\/3170D\/01_090_00059219\/PORTADA_1MEMORIASdeAd.jpg\",\"title\":\"Memorias de Adriano - Teatre Romea - Barcelona\",\"description\":\"memorias de adriano al teatre romea de barcelona\",\"copyright\":\"\",\"order\":4},{\"localizer\":\"V4PORTADAMOBILE\",\"url\":\"media\/ver\/portmob\/v4\/3170D\/01_093_00059221\/PORTADA_MOBILEMEMORIASdeAd.jpg\",\"thumb_url\":\"media\/ver\/portmob\/v4\/3170D\/01_093_00059221\/PORTADA_MOBILEMEMORIASdeAd.jpg\",\"title\":\"Memorias de Adriano - Teatre Romea - Barcelonat\",\"description\":\"memorias de adriano al teatre romea de barcelona\",\"copyright\":\"\",\"order\":6},{\"localizer\":\"V4PORTADAWIDE\",\"url\":\"media\/ver\/port\/wide\/v4\/3170D\/01_091_00059218\/PORTADA_0MEMORIASdeAd.jpg\",\"thumb_url\":\"media\/ver\/port\/wide\/v4\/3170D\/01_091_00059218\/PORTADA_0MEMORIASdeAd.jpg\",\"title\":\"Memorias de Adriano - Teatre Romea - Barcelonat\",\"description\":\"memorias de adriano al teatre romea de barcelona\",\"copyright\":\"\",\"order\":3}]","material__texto_intro":"","data_material":null,"data_gallery":"","data_discounts":"[]","contract_is_open":true,"in_tour":false,"foreign_production":false,"tour_end_date":"20261231000000"},"yoast_head":"<!-- This site is optimized with the Yoast SEO plugin v27.5 - https:\/\/yoast.com\/product\/yoast-seo-wordpress\/ -->\n<title>Memorias de Adriano - Focus<\/title>\n<meta name=\"robots\" content=\"index, follow, max-snippet:-1, max-image-preview:large, max-video-preview:-1\" \/>\n<link rel=\"canonical\" href=\"https:\/\/www.focus.cat\/ex\/memorias-de-adriano\/\" \/>\n<meta property=\"og:locale\" content=\"ca_ES\" \/>\n<meta property=\"og:type\" content=\"article\" \/>\n<meta property=\"og:title\" content=\"Memorias de Adriano - Focus\" \/>\n<meta property=\"og:url\" content=\"https:\/\/www.focus.cat\/es\/ex\/memorias-de-adriano\/\" \/>\n<meta property=\"og:site_name\" content=\"Focus\" \/>\n<meta property=\"article:modified_time\" content=\"2026-04-17T08:40:40+00:00\" \/>\n<meta name=\"twitter:card\" content=\"summary_large_image\" \/>\n<script type=\"application\/ld+json\" class=\"yoast-schema-graph\">{\"@context\":\"https:\\\/\\\/schema.org\",\"@graph\":[{\"@type\":\"WebPage\",\"@id\":\"https:\\\/\\\/www.focus.cat\\\/es\\\/ex\\\/memorias-de-adriano\\\/\",\"url\":\"https:\\\/\\\/www.focus.cat\\\/es\\\/ex\\\/memorias-de-adriano\\\/\",\"name\":\"Memorias de Adriano - Focus\",\"isPartOf\":{\"@id\":\"https:\\\/\\\/www.focus.cat\\\/#website\"},\"datePublished\":\"2025-07-04T11:44:50+00:00\",\"dateModified\":\"2026-04-17T08:40:40+00:00\",\"breadcrumb\":{\"@id\":\"https:\\\/\\\/www.focus.cat\\\/es\\\/ex\\\/memorias-de-adriano\\\/#breadcrumb\"},\"inLanguage\":\"ca\",\"potentialAction\":[{\"@type\":\"ReadAction\",\"target\":[\"https:\\\/\\\/www.focus.cat\\\/es\\\/ex\\\/memorias-de-adriano\\\/\"]}]},{\"@type\":\"BreadcrumbList\",\"@id\":\"https:\\\/\\\/www.focus.cat\\\/es\\\/ex\\\/memorias-de-adriano\\\/#breadcrumb\",\"itemListElement\":[{\"@type\":\"ListItem\",\"position\":1,\"name\":\"Espectacles\",\"item\":\"https:\\\/\\\/www.focus.cat\\\/ex\\\/\"},{\"@type\":\"ListItem\",\"position\":2,\"name\":\"Memorias de Adriano\"}]},{\"@type\":\"WebSite\",\"@id\":\"https:\\\/\\\/www.focus.cat\\\/#website\",\"url\":\"https:\\\/\\\/www.focus.cat\\\/\",\"name\":\"Focus\",\"description\":\"\",\"publisher\":{\"@id\":\"https:\\\/\\\/www.focus.cat\\\/#organization\"},\"potentialAction\":[{\"@type\":\"SearchAction\",\"target\":{\"@type\":\"EntryPoint\",\"urlTemplate\":\"https:\\\/\\\/www.focus.cat\\\/?s={search_term_string}\"},\"query-input\":{\"@type\":\"PropertyValueSpecification\",\"valueRequired\":true,\"valueName\":\"search_term_string\"}}],\"inLanguage\":\"ca\"},{\"@type\":\"Organization\",\"@id\":\"https:\\\/\\\/www.focus.cat\\\/#organization\",\"name\":\"Focus\",\"url\":\"https:\\\/\\\/www.focus.cat\\\/\",\"logo\":{\"@type\":\"ImageObject\",\"inLanguage\":\"ca\",\"@id\":\"https:\\\/\\\/www.focus.cat\\\/#\\\/schema\\\/logo\\\/image\\\/\",\"url\":\"https:\\\/\\\/www.focus.cat\\\/wp-content\\\/uploads\\\/2022\\\/01\\\/logo-focus-any-35.svg\",\"contentUrl\":\"https:\\\/\\\/www.focus.cat\\\/wp-content\\\/uploads\\\/2022\\\/01\\\/logo-focus-any-35.svg\",\"width\":1,\"height\":1,\"caption\":\"Focus\"},\"image\":{\"@id\":\"https:\\\/\\\/www.focus.cat\\\/#\\\/schema\\\/logo\\\/image\\\/\"}}]}<\/script>\n<!-- \/ Yoast SEO plugin. -->","yoast_head_json":{"title":"Memorias de Adriano - Focus","robots":{"index":"index","follow":"follow","max-snippet":"max-snippet:-1","max-image-preview":"max-image-preview:large","max-video-preview":"max-video-preview:-1"},"canonical":"https:\/\/www.focus.cat\/ex\/memorias-de-adriano\/","og_locale":"ca_ES","og_type":"article","og_title":"Memorias de Adriano - Focus","og_url":"https:\/\/www.focus.cat\/es\/ex\/memorias-de-adriano\/","og_site_name":"Focus","article_modified_time":"2026-04-17T08:40:40+00:00","twitter_card":"summary_large_image","schema":{"@context":"https:\/\/schema.org","@graph":[{"@type":"WebPage","@id":"https:\/\/www.focus.cat\/es\/ex\/memorias-de-adriano\/","url":"https:\/\/www.focus.cat\/es\/ex\/memorias-de-adriano\/","name":"Memorias de Adriano - Focus","isPartOf":{"@id":"https:\/\/www.focus.cat\/#website"},"datePublished":"2025-07-04T11:44:50+00:00","dateModified":"2026-04-17T08:40:40+00:00","breadcrumb":{"@id":"https:\/\/www.focus.cat\/es\/ex\/memorias-de-adriano\/#breadcrumb"},"inLanguage":"ca","potentialAction":[{"@type":"ReadAction","target":["https:\/\/www.focus.cat\/es\/ex\/memorias-de-adriano\/"]}]},{"@type":"BreadcrumbList","@id":"https:\/\/www.focus.cat\/es\/ex\/memorias-de-adriano\/#breadcrumb","itemListElement":[{"@type":"ListItem","position":1,"name":"Espectacles","item":"https:\/\/www.focus.cat\/ex\/"},{"@type":"ListItem","position":2,"name":"Memorias de Adriano"}]},{"@type":"WebSite","@id":"https:\/\/www.focus.cat\/#website","url":"https:\/\/www.focus.cat\/","name":"Focus","description":"","publisher":{"@id":"https:\/\/www.focus.cat\/#organization"},"potentialAction":[{"@type":"SearchAction","target":{"@type":"EntryPoint","urlTemplate":"https:\/\/www.focus.cat\/?s={search_term_string}"},"query-input":{"@type":"PropertyValueSpecification","valueRequired":true,"valueName":"search_term_string"}}],"inLanguage":"ca"},{"@type":"Organization","@id":"https:\/\/www.focus.cat\/#organization","name":"Focus","url":"https:\/\/www.focus.cat\/","logo":{"@type":"ImageObject","inLanguage":"ca","@id":"https:\/\/www.focus.cat\/#\/schema\/logo\/image\/","url":"https:\/\/www.focus.cat\/wp-content\/uploads\/2022\/01\/logo-focus-any-35.svg","contentUrl":"https:\/\/www.focus.cat\/wp-content\/uploads\/2022\/01\/logo-focus-any-35.svg","width":1,"height":1,"caption":"Focus"},"image":{"@id":"https:\/\/www.focus.cat\/#\/schema\/logo\/image\/"}}]}},"translations":[{"id":23879,"locale":"ca"},{"id":23880,"locale":"es"},{"id":23881,"locale":"en"}],"_links":{"self":[{"href":"https:\/\/www.focus.cat\/wp-json\/wp\/v2\/ex\/23880","targetHints":{"allow":["GET"]}}],"collection":[{"href":"https:\/\/www.focus.cat\/wp-json\/wp\/v2\/ex"}],"about":[{"href":"https:\/\/www.focus.cat\/wp-json\/wp\/v2\/types\/ex"}],"author":[{"embeddable":true,"href":"https:\/\/www.focus.cat\/wp-json\/wp\/v2\/users\/5"}],"replies":[{"embeddable":true,"href":"https:\/\/www.focus.cat\/wp-json\/wp\/v2\/comments?post=23880"}],"wp:attachment":[{"href":"https:\/\/www.focus.cat\/wp-json\/wp\/v2\/media?parent=23880"}],"wp:term":[{"taxonomy":"location","embeddable":true,"href":"https:\/\/www.focus.cat\/wp-json\/wp\/v2\/location?post=23880"}],"curies":[{"name":"wp","href":"https:\/\/api.w.org\/{rel}","templated":true}]}}

<p><strong>Lluís Homar protagoniza la adaptación escénica de la novela clave de Marguerite Yourcenar.</strong></p><p></p><p><strong>Lluís Homar</strong> es Adriano, un mandatario que, según el texto, es tan sabio y magnífico como ciego y contradictorio.</p><p>Basado en <em>Mémoires d&#39;Hadrien</em> de Marguerite Yourcenar, <em>Memorias de Adriano</em> es un espectáculo teatral que representa, al mismo tiempo, una emocionante película de romanos y el relato íntimo de un hombre que dialoga con su historia, con la Historia. Un testimonio en primera persona de la vida del emperador romano nacido en Hispania.</p>

Espectáculo en castellano

<ul><li>Recomendado a partir de 16 años</li><li>Función accesible: 25 de abril a las 17.30 h. </li><li>La función contará con:<ul><li>Subtitulado adaptado</li><li>Audiodescripción</li><li>Bucle magnético y sonido amplificado.</li></ul></li></ul><p></p><p></p><p></p><p> </p>

Lluís Homar protagoniza la adaptación escénica de la novela clave de Marguerite Yourcenar.

Raúl Losánez|La Razón|“Un texto excelente, una muy buena dirección y un gran actor” 
Raquel Vidales|El País|“Lluís Homar despliega sus mejores dotes interpretativas” 
Pablo Caruana Húder|ElDiario.es|“Una verdadera lección de actuación. Es un placer ver a Homar trabajar y contemplar cómo va metiéndose en el texto poco a poco, en la cadencia y el eco de unas palabras que vienen de otro tiempo”
